CRAN Package Check Results for Package bcgam

Last updated on 2019-03-22 16:00:46 CET.

Flavor Version Tinstall Tcheck Ttotal Status Flags
r-devel-linux-x86_64-debian-clang 1.0 7.46 99.81 107.27 OK
r-devel-linux-x86_64-debian-gcc 1.0 6.00 80.26 86.26 OK
r-devel-linux-x86_64-fedora-clang 1.0 129.90 OK
r-devel-linux-x86_64-fedora-gcc 1.0 125.59 OK
r-devel-windows-ix86+x86_64 1.0 18.00 138.00 156.00 OK
r-patched-linux-x86_64 1.0 6.01 99.49 105.50 OK
r-patched-solaris-x86 1.0 149.60 ERROR
r-release-linux-x86_64 1.0 5.43 97.43 102.86 OK
r-release-windows-ix86+x86_64 1.0 8.00 106.00 114.00 OK
r-release-osx-x86_64 1.0 OK
r-oldrel-windows-ix86+x86_64 1.0 8.00 154.00 162.00 OK
r-oldrel-osx-x86_64 1.0 OK

Additional issues

clang-UBSAN gcc-UBSAN

Check Details

Version: 1.0
Check: tests
Result: ERROR
     Running ‘testthat.R’ [20s/30s]
    Running the tests in ‘tests/testthat.R’ failed.
    Complete output:
     > library(testthat)
     > library(bcgam)
     Loading required package: nimble
     nimble version 0.7.1 is loaded.
     For more information on NIMBLE and a User Manual,
     please visit http://R-nimble.org.
    
     Attaching package: 'nimble'
    
     The following object is masked from 'package:stats':
    
     simulate
    
     >
     > test_check("bcgam")
     thin = 1: tau, betalpha, sigma, eta
     ── 1. Error: (unknown) (@testthat.R#3) ────────────────────────────────────────
     Failed to create the shared library.
     1: bcgam(income ~ sm.incr(prestige, space = "E") + sm.conv(education) + type, data = duncan) at testthat/testthat.R:3
     2: bcgam.fit(y, xmat0, shapes0, zmat, nums0, ks0, sps0, nloop, burnin, family, xmatnms0,
     znms)
     3: compileNimble(gaus)
     4: project$compileModel(units[[i]], control = control, showCompilerOutput = showCompilerOutput)
     5: cppProj$compileFile(compileList, showCompilerOutput)
     6: compileDynamicRegistrations(showCompilerOutput = showCompilerOutput)
     7: compileStaticCode(dllName, cppName, showCompilerOutput)
    
     ══ testthat results ═══════════════════════════════════════════════════════════
     OK: 0 SKIPPED: 0 FAILED: 1
     1. Error: (unknown) (@testthat.R#3)
    
     Error: testthat unit tests failed
     Execution halted
Flavor: r-patched-solaris-x86