CRAN Package Check Results for Package bcgam

Last updated on 2019-05-22 13:47:10 CEST.

Flavor Version Tinstall Tcheck Ttotal Status Flags
r-devel-linux-x86_64-debian-clang 1.0 6.09 97.79 103.88 OK
r-devel-linux-x86_64-debian-gcc 1.0 6.84 80.20 87.04 OK
r-devel-linux-x86_64-fedora-clang 1.0 130.12 OK
r-devel-linux-x86_64-fedora-gcc 1.0 126.83 OK
r-devel-windows-ix86+x86_64 1.0 12.00 144.00 156.00 OK
r-patched-linux-x86_64 1.0 8.62 99.87 108.49 OK
r-patched-solaris-x86 1.0 138.60 ERROR
r-release-linux-x86_64 1.0 7.13 99.98 107.11 OK
r-release-windows-ix86+x86_64 1.0 16.00 113.00 129.00 OK
r-release-osx-x86_64 1.0 OK
r-oldrel-windows-ix86+x86_64 1.0 7.00 107.00 114.00 OK
r-oldrel-osx-x86_64 1.0 OK

Additional issues

clang-UBSAN gcc-UBSAN

Check Details

Version: 1.0
Check: tests
Result: ERROR
     Running ‘testthat.R’ [21s/29s]
    Running the tests in ‘tests/testthat.R’ failed.
    Complete output:
     > library(testthat)
     > library(bcgam)
     Loading required package: nimble
     nimble version 0.7.1 is loaded.
     For more information on NIMBLE and a User Manual,
     please visit http://R-nimble.org.
    
     Attaching package: 'nimble'
    
     The following object is masked from 'package:stats':
    
     simulate
    
     >
     > test_check("bcgam")
     thin = 1: tau, betalpha, sigma, eta
     ── 1. Error: (unknown) (@testthat.R#3) ────────────────────────────────────────
     Failed to create the shared library.
     1: bcgam(income ~ sm.incr(prestige, space = "E") + sm.conv(education) + type, data = duncan) at testthat/testthat.R:3
     2: bcgam.fit(y, xmat0, shapes0, zmat, nums0, ks0, sps0, nloop, burnin, family, xmatnms0,
     znms)
     3: compileNimble(gaus)
     4: project$compileModel(units[[i]], control = control, showCompilerOutput = showCompilerOutput)
     5: cppProj$compileFile(compileList, showCompilerOutput)
     6: compileDynamicRegistrations(showCompilerOutput = showCompilerOutput)
     7: compileStaticCode(dllName, cppName, showCompilerOutput)
    
     ══ testthat results ═══════════════════════════════════════════════════════════
     OK: 1 SKIPPED: 0 FAILED: 1
     1. Error: (unknown) (@testthat.R#3)
    
     Error: testthat unit tests failed
     Execution halted
Flavor: r-patched-solaris-x86