CRAN Package Check Results for Package bbotk

Last updated on 2021-09-19 02:49:59 CEST.

Flavor Version Tinstall Tcheck Ttotal Status Flags
r-devel-linux-x86_64-debian-clang 0.4.0 15.90 134.69 150.59 OK
r-devel-linux-x86_64-debian-gcc 0.4.0 11.12 97.65 108.77 OK
r-devel-linux-x86_64-fedora-clang 0.4.0 178.25 OK
r-devel-linux-x86_64-fedora-gcc 0.4.0 169.06 OK
r-devel-windows-x86_64 0.4.0 15.00 139.00 154.00 OK
r-devel-windows-x86_64-gcc10-UCRT 0.4.0 ERROR
r-patched-linux-x86_64 0.4.0 18.36 124.95 143.31 OK
r-patched-solaris-x86 0.4.0 206.40 OK
r-release-linux-x86_64 0.4.0 14.00 124.72 138.72 OK
r-release-macos-arm64 0.4.0 OK
r-release-macos-x86_64 0.4.0 OK
r-release-windows-ix86+x86_64 0.4.0 23.00 200.00 223.00 OK
r-oldrel-macos-x86_64 0.4.0 OK
r-oldrel-windows-ix86+x86_64 0.4.0 27.00 230.00 257.00 OK

Check Details

Version: 0.4.0
Check: whether package can be installed
Result: ERROR
    Installation failed.
Flavor: r-devel-windows-x86_64-gcc10-UCRT