Last updated on 2023-01-30 23:56:12 CET.
Flavor | Version | Tinstall | Tcheck | Ttotal | Status | Flags |
---|---|---|---|---|---|---|
r-devel-linux-x86_64-debian-clang | 1.0.0 | 49.43 | 220.87 | 270.30 | OK | |
r-devel-linux-x86_64-debian-gcc | 1.0.0 | 39.22 | 173.01 | 212.23 | OK | |
r-devel-linux-x86_64-fedora-clang | 1.0.0 | 356.48 | OK | |||
r-devel-linux-x86_64-fedora-gcc | 1.0.0 | 350.82 | OK | |||
r-devel-windows-x86_64 | 1.0.0 | 61.00 | 441.00 | 502.00 | OK | |
r-patched-linux-x86_64 | 1.0.0 | 36.41 | 215.27 | 251.68 | OK | |
r-release-linux-x86_64 | 1.0.0 | 35.20 | 218.75 | 253.95 | OK | |
r-release-macos-arm64 | 1.0.0 | 403.00 | NOTE | |||
r-release-macos-x86_64 | 1.0.0 | 325.00 | NOTE | |||
r-release-windows-x86_64 | 1.0.0 | 48.00 | 443.00 | 491.00 | OK | |
r-oldrel-macos-arm64 | 1.0.0 | 223.00 | NOTE | |||
r-oldrel-macos-x86_64 | 1.0.0 | 322.00 | NOTE | |||
r-oldrel-windows-ix86+x86_64 | 1.0.0 | 114.00 | 388.00 | 502.00 | NOTE |
Version: 1.0.0
Check: package dependencies
Result: NOTE
Package suggested but not available for checking: ‘Biostrings’
Flavor: r-release-macos-arm64
Version: 1.0.0
Check: installed package size
Result: NOTE
installed size is 6.3Mb
sub-directories of 1Mb or more:
extdata 2.3Mb
libs 3.5Mb
Flavors: r-release-macos-arm64, r-release-macos-x86_64, r-oldrel-macos-arm64, r-oldrel-macos-x86_64, r-oldrel-windows-ix86+x86_64