CRAN Package Check Results for Package bayesvl

Last updated on 2023-12-04 18:52:09 CET.

Flavor Version Tinstall Tcheck Ttotal Status Flags
r-devel-linux-x86_64-debian-clang 0.8.5 28.54 136.37 164.91 OK
r-devel-linux-x86_64-debian-gcc 0.8.5 20.07 98.79 118.86 OK
r-devel-linux-x86_64-fedora-clang 0.8.5 224.55 NOTE
r-devel-linux-x86_64-fedora-gcc 0.8.5 195.27 NOTE
r-devel-windows-x86_64 0.8.5 19.00 96.00 115.00 OK
r-patched-linux-x86_64 0.8.5 34.27 130.20 164.47 OK
r-release-linux-x86_64 0.8.5 25.08 130.77 155.85 OK
r-release-macos-arm64 0.8.5 41.00 OK
r-release-macos-x86_64 0.8.5 67.00 OK
r-release-windows-x86_64 0.8.5 22.00 118.00 140.00 OK
r-oldrel-macos-arm64 0.8.5 40.00 NOTE
r-oldrel-macos-x86_64 0.8.5 73.00 NOTE
r-oldrel-windows-x86_64 0.8.5 27.00 124.00 151.00 OK

Check Details

Version: 0.8.5
Check: dependencies in R code
Result: NOTE Namespace in Imports field not imported from: ‘dplyr’ All declared Imports should be used. Flavors: r-devel-linux-x86_64-fedora-clang, r-devel-linux-x86_64-fedora-gcc, r-oldrel-macos-arm64, r-oldrel-macos-x86_64