CRAN Package Check Results for Package bayesvl

Last updated on 2022-11-28 23:53:16 CET.

Flavor Version Tinstall Tcheck Ttotal Status Flags
r-devel-linux-x86_64-debian-clang 0.8.5 14.31 101.72 116.03 OK
r-devel-linux-x86_64-debian-gcc 0.8.5 12.03 74.35 86.38 OK
r-devel-linux-x86_64-fedora-clang 0.8.5 154.96 NOTE
r-devel-linux-x86_64-fedora-gcc 0.8.5 148.73 NOTE
r-devel-windows-x86_64 0.8.5 23.00 126.00 149.00 OK
r-patched-linux-x86_64 0.8.5 24.22 96.30 120.52 OK
r-release-linux-x86_64 0.8.5 15.28 95.62 110.90 OK
r-release-macos-arm64 0.8.5 40.00 NOTE
r-release-macos-x86_64 0.8.5 73.00 NOTE
r-release-windows-x86_64 0.8.5 43.00 138.00 181.00 OK
r-oldrel-macos-arm64 0.8.5 53.00 NOTE
r-oldrel-macos-x86_64 0.8.5 79.00 NOTE
r-oldrel-windows-ix86+x86_64 0.8.5 34.00 121.00 155.00 OK

Check Details

Version: 0.8.5
Check: dependencies in R code
Result: NOTE
    Namespace in Imports field not imported from: ‘dplyr’
     All declared Imports should be used.
Flavors: r-devel-linux-x86_64-fedora-clang, r-devel-linux-x86_64-fedora-gcc, r-release-macos-arm64, r-release-macos-x86_64, r-oldrel-macos-arm64, r-oldrel-macos-x86_64