CRAN Package Check Results for Package bayess

Last updated on 2023-12-11 06:48:15 CET.

Flavor Version Tinstall Tcheck Ttotal Status Flags
r-devel-linux-x86_64-debian-clang 1.5 5.90 65.54 71.44 NOTE
r-devel-linux-x86_64-debian-gcc 1.5 4.66 46.83 51.49 NOTE
r-devel-linux-x86_64-fedora-clang 1.5 96.16 NOTE
r-devel-linux-x86_64-fedora-gcc 1.5 86.32 NOTE
r-devel-windows-x86_64 1.5 6.00 78.00 84.00 NOTE
r-patched-linux-x86_64 1.5 6.64 64.20 70.84 OK
r-release-linux-x86_64 1.5 5.37 63.20 68.57 OK
r-release-macos-arm64 1.5 31.00 OK
r-release-macos-x86_64 1.5 45.00 OK
r-release-windows-x86_64 1.5 6.00 87.00 93.00 OK
r-oldrel-macos-arm64 1.5 29.00 OK
r-oldrel-macos-x86_64 1.5 40.00 OK
r-oldrel-windows-x86_64 1.5 10.00 96.00 106.00 OK

Check Details

Version: 1.5
Check: Rd contents
Result: NOTE Argument items with no description in Rd file 'hmmeantemp.Rd': ‘dat’ Flavors: r-devel-linux-x86_64-debian-clang, r-devel-linux-x86_64-debian-gcc, r-devel-linux-x86_64-fedora-clang, r-devel-linux-x86_64-fedora-gcc, r-devel-windows-x86_64