CRAN Package Check Results for Package bayesrules

Last updated on 2021-09-17 20:49:09 CEST.

Flavor Version Tinstall Tcheck Ttotal Status Flags
r-devel-linux-x86_64-debian-clang 0.0.1 25.46 236.88 262.34 OK
r-devel-linux-x86_64-debian-gcc 0.0.1 21.21 171.73 192.94 OK
r-devel-linux-x86_64-fedora-clang 0.0.1 311.61 NOTE
r-devel-linux-x86_64-fedora-gcc 0.0.1 304.18 NOTE
r-devel-windows-x86_64 0.0.1 33.00 248.00 281.00 OK
r-devel-windows-x86_64-gcc10-UCRT 0.0.1 NOTE
r-patched-linux-x86_64 0.0.1 24.14 227.62 251.76 OK
r-patched-solaris-x86 0.0.1 470.40 NOTE
r-release-linux-x86_64 0.0.1 23.44 227.70 251.14 OK
r-release-macos-arm64 0.0.1 NOTE
r-release-macos-x86_64 0.0.1 NOTE
r-release-windows-ix86+x86_64 0.0.1 66.00 227.00 293.00 OK
r-oldrel-macos-x86_64 0.0.1 NOTE
r-oldrel-windows-ix86+x86_64 0.0.1 64.00 295.00 359.00 OK

Check Details

Version: 0.0.1
Check: data for non-ASCII characters
Result: NOTE
     Note: found 1924 marked UTF-8 strings
Flavors: r-devel-linux-x86_64-fedora-clang, r-devel-linux-x86_64-fedora-gcc, r-devel-windows-x86_64-gcc10-UCRT, r-patched-solaris-x86, r-release-macos-arm64, r-release-macos-x86_64, r-oldrel-macos-x86_64