CRAN Package Check Results for Package bayesplot

Last updated on 2019-07-24 09:50:18 CEST.

Flavor Version Tinstall Tcheck Ttotal Status Flags
r-devel-linux-x86_64-debian-clang 1.7.0 11.93 282.49 294.42 OK
r-devel-linux-x86_64-debian-gcc 1.7.0 10.57 214.32 224.89 OK
r-devel-linux-x86_64-fedora-clang 1.7.0 351.77 NOTE
r-devel-linux-x86_64-fedora-gcc 1.7.0 350.65 OK
r-devel-windows-ix86+x86_64 1.7.0 17.00 281.00 298.00 NOTE
r-patched-linux-x86_64 1.7.0 12.45 279.62 292.07 OK
r-patched-solaris-x86 1.7.0 341.90 WARN
r-release-linux-x86_64 1.7.0 11.48 279.70 291.18 OK
r-release-windows-ix86+x86_64 1.7.0 18.00 280.00 298.00 NOTE
r-release-osx-x86_64 1.7.0 NOTE
r-oldrel-windows-ix86+x86_64 1.7.0 22.00 379.00 401.00 NOTE
r-oldrel-osx-x86_64 1.7.0 NOTE

Check Details

Version: 1.7.0
Check: installed package size
Result: NOTE
     installed size is 6.6Mb
     sub-directories of 1Mb or more:
     R 1.8Mb
     doc 4.1Mb
Flavors: r-devel-linux-x86_64-fedora-clang, r-devel-windows-ix86+x86_64, r-patched-solaris-x86, r-release-windows-ix86+x86_64, r-release-osx-x86_64, r-oldrel-windows-ix86+x86_64, r-oldrel-osx-x86_64

Version: 1.7.0
Check: loading without being on the library search path
Result: WARN
    Error: package or namespace load failed for ‘bayesplot’:
     .onLoad failed in loadNamespace() for 'pillar', details:
     call: utils::packageVersion("vctrs")
     error: there is no package called ‘vctrs’
    Execution halted
    
    It looks like this package has a loading problem when not on .libPaths:
    see the messages for details.
Flavor: r-patched-solaris-x86