CRAN Package Check Results for Package bayesplot

Last updated on 2019-12-06 08:54:42 CET.

Flavor Version Tinstall Tcheck Ttotal Status Flags
r-devel-linux-x86_64-debian-clang 1.7.1 12.59 304.48 317.07 OK
r-devel-linux-x86_64-debian-gcc 1.7.1 9.81 218.49 228.30 OK
r-devel-linux-x86_64-fedora-clang 1.7.1 350.32 NOTE
r-devel-linux-x86_64-fedora-gcc 1.7.1 348.46 OK
r-devel-windows-ix86+x86_64 1.7.1 35.00 369.00 404.00 NOTE
r-devel-windows-ix86+x86_64-gcc8 1.7.0 26.00 280.00 306.00 NOTE
r-patched-linux-x86_64 1.7.1 12.19 260.27 272.46 OK
r-patched-solaris-x86 1.7.1 329.50 NOTE
r-release-linux-x86_64 1.7.1 11.71 266.06 277.77 OK
r-release-windows-ix86+x86_64 1.7.1 28.00 367.00 395.00 NOTE
r-release-osx-x86_64 1.7.1 NOTE
r-oldrel-windows-ix86+x86_64 1.7.1 15.00 375.00 390.00 NOTE
r-oldrel-osx-x86_64 1.7.1 NOTE

Check Details

Version: 1.7.1
Check: installed package size
Result: NOTE
     installed size is 6.6Mb
     sub-directories of 1Mb or more:
     R 1.8Mb
     doc 4.1Mb
Flavors: r-devel-linux-x86_64-fedora-clang, r-devel-windows-ix86+x86_64, r-patched-solaris-x86, r-release-windows-ix86+x86_64, r-release-osx-x86_64, r-oldrel-windows-ix86+x86_64, r-oldrel-osx-x86_64

Version: 1.7.0
Check: installed package size
Result: NOTE
     installed size is 6.5Mb
     sub-directories of 1Mb or more:
     R 1.8Mb
     doc 4.1Mb
Flavor: r-devel-windows-ix86+x86_64-gcc8