CRAN Package Check Results for Package bayesnec

Last updated on 2021-09-17 19:51:58 CEST.

Flavor Version Tinstall Tcheck Ttotal Status Flags
r-devel-linux-x86_64-debian-clang 1.0.1 32.33 631.24 663.57 OK
r-devel-linux-x86_64-debian-gcc 2.0 24.30 355.17 379.47 OK
r-devel-linux-x86_64-fedora-clang 2.0 605.15 OK
r-devel-linux-x86_64-fedora-gcc 2.0 662.16 OK
r-devel-windows-x86_64 1.0.1 38.00 666.00 704.00 OK
r-devel-windows-x86_64-gcc10-UCRT 1.0.1 NOTE
r-patched-linux-x86_64 2.0 39.04 463.58 502.62 OK
r-patched-solaris-x86 2.0 778.90 OK
r-release-linux-x86_64 1.0.1 29.63 586.93 616.56 OK
r-release-macos-arm64 1.0.1 NOTE
r-release-macos-x86_64 2.0 OK
r-release-windows-ix86+x86_64 2.0 64.00 516.00 580.00 OK
r-oldrel-macos-x86_64 2.0 OK
r-oldrel-windows-ix86+x86_64 1.0.1 69.00 779.00 848.00 OK

Check Details

Version: 1.0.1
Check: dependencies in R code
Result: NOTE
    Namespace in Imports field not imported from: 'lazyeval'
     All declared Imports should be used.
Flavors: r-devel-windows-x86_64-gcc10-UCRT, r-release-macos-arm64