Last updated on 2023-03-22 10:52:05 CET.
Flavor | Version | Tinstall | Tcheck | Ttotal | Status | Flags |
---|---|---|---|---|---|---|
r-devel-linux-x86_64-debian-clang | 0.2.1 | 52.54 | 137.10 | 189.64 | OK | |
r-devel-linux-x86_64-debian-gcc | 0.2.1 | 41.31 | 99.01 | 140.32 | OK | |
r-devel-linux-x86_64-fedora-clang | 0.2.1 | 244.89 | OK | |||
r-devel-linux-x86_64-fedora-gcc | 0.2.1 | 228.14 | OK | |||
r-devel-windows-x86_64 | 0.2.1 | 76.00 | 189.00 | 265.00 | OK | |
r-patched-linux-x86_64 | 0.2.1 | 44.48 | 126.07 | 170.55 | OK | |
r-release-linux-x86_64 | 0.2.1 | 44.48 | 127.43 | 171.91 | OK | |
r-release-macos-arm64 | 0.2.1 | 60.00 | OK | |||
r-release-macos-x86_64 | 0.2.1 | 122.00 | OK | |||
r-release-windows-x86_64 | 0.2.1 | 83.00 | 178.00 | 261.00 | OK | |
r-oldrel-macos-arm64 | 0.2.1 | 63.00 | OK | |||
r-oldrel-macos-x86_64 | 0.2.1 | 77.00 | OK | |||
r-oldrel-windows-ix86+x86_64 | 0.2.1 | 127.00 | 254.00 | 381.00 | NOTE |
Version: 0.2.1
Check: dependencies in R code
Result: NOTE
Initiating curl with CURL_SSL_BACKEND: openssl
Flavor: r-oldrel-windows-ix86+x86_64