Last updated on 2025-04-30 23:49:41 CEST.
Flavor | Version | Tinstall | Tcheck | Ttotal | Status | Flags |
---|---|---|---|---|---|---|
r-devel-linux-x86_64-debian-clang | 0.1.5 | 73.11 | 157.15 | 230.26 | OK | |
r-devel-linux-x86_64-debian-gcc | 0.1.5 | 52.40 | 100.29 | 152.69 | OK | |
r-devel-linux-x86_64-fedora-clang | 0.1.5 | 391.81 | OK | |||
r-devel-linux-x86_64-fedora-gcc | 0.1.5 | 375.76 | OK | |||
r-devel-windows-x86_64 | 0.1.5 | 84.00 | 232.00 | 316.00 | OK | |
r-patched-linux-x86_64 | 0.1.5 | 78.37 | 137.03 | 215.40 | OK | |
r-release-linux-x86_64 | 0.1.5 | 73.34 | 136.68 | 210.02 | OK | |
r-release-macos-arm64 | 0.1.5 | 116.00 | OK | |||
r-release-macos-x86_64 | 0.1.5 | 227.00 | OK | |||
r-release-windows-x86_64 | 0.1.5 | 83.00 | 236.00 | 319.00 | OK | |
r-oldrel-macos-arm64 | 0.1.5 | 244.00 | NOTE | |||
r-oldrel-macos-x86_64 | 0.1.5 | 323.00 | NOTE | |||
r-oldrel-windows-x86_64 | 0.1.5 | 90.00 | 275.00 | 365.00 | OK |
Version: 0.1.5
Check: installed package size
Result: NOTE
installed size is 7.2Mb
sub-directories of 1Mb or more:
libs 6.6Mb
Flavors: r-oldrel-macos-arm64, r-oldrel-macos-x86_64