CRAN Package Check Results for Package bayesianETAS

Last updated on 2019-08-24 06:47:15 CEST.

Flavor Version Tinstall Tcheck Ttotal Status Flags
r-devel-linux-x86_64-debian-clang 1.0.3 4.57 18.36 22.93 OK
r-devel-linux-x86_64-debian-gcc 1.0.3 3.68 14.88 18.56 OK
r-devel-linux-x86_64-fedora-clang 1.0.3 31.69 NOTE
r-devel-linux-x86_64-fedora-gcc 1.0.3 28.81 NOTE
r-devel-windows-ix86+x86_64 1.0.3 20.00 57.00 77.00 OK
r-patched-linux-x86_64 1.0.3 4.21 18.07 22.28 OK
r-patched-solaris-x86 1.0.3 47.10 OK
r-release-linux-x86_64 1.0.3 3.92 18.33 22.25 OK
r-release-windows-ix86+x86_64 1.0.3 12.00 53.00 65.00 OK
r-release-osx-x86_64 1.0.3 OK
r-oldrel-windows-ix86+x86_64 1.0.3 11.00 41.00 52.00 OK
r-oldrel-osx-x86_64 1.0.3 OK

Check Details

Version: 1.0.3
Check: compiled code
Result: NOTE
    File ‘bayesianETAS/libs/bayesianETAS.so’:
     Found no calls to: ‘R_registerRoutines’, ‘R_useDynamicSymbols’
    
    It is good practice to register native routines and to disable symbol
    search.
    
    See ‘Writing portable packages’ in the ‘Writing R Extensions’ manual.
Flavors: r-devel-linux-x86_64-fedora-clang, r-devel-linux-x86_64-fedora-gcc