CRAN Package Check Results for Package bayesianETAS

Last updated on 2022-08-12 18:49:37 CEST.

Flavor Version Tinstall Tcheck Ttotal Status Flags
r-devel-linux-x86_64-debian-clang 1.0.3 5.70 23.28 28.98 OK
r-devel-linux-x86_64-debian-gcc 1.0.3 4.32 18.62 22.94 OK
r-devel-linux-x86_64-fedora-clang 1.0.3 47.68 NOTE
r-devel-linux-x86_64-fedora-gcc 1.0.3 45.15 NOTE
r-devel-windows-x86_64 1.0.3 25.00 59.00 84.00 OK
r-patched-linux-x86_64 1.0.3 4.43 22.51 26.94 OK
r-release-linux-x86_64 1.0.3 4.92 22.42 27.34 OK
r-release-macos-arm64 1.0.3 18.00 OK
r-release-macos-x86_64 1.0.3 23.00 OK
r-release-windows-x86_64 1.0.3 9.00 60.00 69.00 OK
r-oldrel-macos-arm64 1.0.3 20.00 OK
r-oldrel-macos-x86_64 1.0.3 29.00 OK
r-oldrel-windows-ix86+x86_64 1.0.3 12.00 49.00 61.00 OK

Check Details

Version: 1.0.3
Check: compiled code
Result: NOTE
    File ‘bayesianETAS/libs/bayesianETAS.so’:
     Found no calls to: ‘R_registerRoutines’, ‘R_useDynamicSymbols’
    
    It is good practice to register native routines and to disable symbol
    search.
    
    See ‘Writing portable packages’ in the ‘Writing R Extensions’ manual.
Flavors: r-devel-linux-x86_64-fedora-clang, r-devel-linux-x86_64-fedora-gcc