CRAN Package Check Results for Package bayesianETAS

Last updated on 2019-04-25 15:53:48 CEST.

Flavor Version Tinstall Tcheck Ttotal Status Flags
r-devel-linux-x86_64-debian-clang 1.0.3 4.41 18.18 22.59 OK
r-devel-linux-x86_64-debian-gcc 1.0.3 3.56 14.83 18.39 OK
r-devel-linux-x86_64-fedora-clang 1.0.3 25.20 NOTE
r-devel-linux-x86_64-fedora-gcc 1.0.3 24.01 NOTE
r-devel-windows-ix86+x86_64 1.0.3 16.00 42.00 58.00 OK
r-patched-linux-x86_64 1.0.3 4.24 17.91 22.15 OK
r-patched-solaris-x86 1.0.3 44.90 OK
r-release-linux-x86_64 1.0.3 3.67 16.47 20.14 OK
r-release-windows-ix86+x86_64 1.0.3 11.00 41.00 52.00 OK
r-release-osx-x86_64 1.0.3 OK
r-oldrel-windows-ix86+x86_64 1.0.3 11.00 36.00 47.00 OK
r-oldrel-osx-x86_64 1.0.3 OK

Check Details

Version: 1.0.3
Check: compiled code
Result: NOTE
    File ‘bayesianETAS/libs/bayesianETAS.so’:
     Found no calls to: ‘R_registerRoutines’, ‘R_useDynamicSymbols’
    
    It is good practice to register native routines and to disable symbol
    search.
    
    See ‘Writing portable packages’ in the ‘Writing R Extensions’ manual.
Flavors: r-devel-linux-x86_64-fedora-clang, r-devel-linux-x86_64-fedora-gcc