CRAN Package Check Results for Package bayesdfa

Last updated on 2022-12-07 02:51:40 CET.

Flavor Version Tinstall Tcheck Ttotal Status Flags
r-devel-linux-x86_64-debian-clang 1.2.0 618.96 316.88 935.84 NOTE
r-devel-linux-x86_64-debian-gcc 1.2.0 505.88 254.32 760.20 NOTE
r-devel-linux-x86_64-fedora-clang 1.2.0 1156.48 NOTE
r-devel-linux-x86_64-fedora-gcc 1.2.0 1296.79 NOTE
r-devel-windows-x86_64 1.2.0 358.00 388.00 746.00 NOTE
r-patched-linux-x86_64 1.2.0 392.35 325.15 717.50 NOTE
r-release-linux-x86_64 1.2.0 0.01 3.80 3.81 ERROR
r-release-macos-arm64 1.2.0 275.00 NOTE
r-release-macos-x86_64 1.2.0 277.00 NOTE
r-release-windows-x86_64 1.2.0 342.00 361.00 703.00 NOTE
r-oldrel-macos-arm64 1.2.0 342.00 NOTE
r-oldrel-macos-x86_64 1.2.0 400.00 NOTE
r-oldrel-windows-ix86+x86_64 1.2.0 799.00 19.00 818.00 ERROR

Check Details

Version: 1.2.0
Check: for GNU extensions in Makefiles
Result: NOTE
    GNU make is a SystemRequirements.
Flavors: r-devel-linux-x86_64-debian-clang, r-devel-linux-x86_64-debian-gcc, r-devel-linux-x86_64-fedora-clang, r-devel-linux-x86_64-fedora-gcc, r-devel-windows-x86_64, r-patched-linux-x86_64, r-release-macos-arm64, r-release-windows-x86_64, r-oldrel-macos-arm64, r-oldrel-macos-x86_64

Version: 1.2.0
Check: installed package size
Result: NOTE
     installed size is 8.1Mb
     sub-directories of 1Mb or more:
     doc 1.0Mb
     libs 6.5Mb
Flavors: r-devel-linux-x86_64-fedora-clang, r-devel-windows-x86_64, r-release-macos-arm64, r-release-macos-x86_64, r-release-windows-x86_64, r-oldrel-macos-arm64, r-oldrel-macos-x86_64

Version: 1.2.0
Check: dependencies in R code
Result: NOTE
    Namespaces in Imports field not imported from:
     ‘RcppParallel’ ‘rstantools’
     All declared Imports should be used.
Flavors: r-devel-linux-x86_64-fedora-clang, r-devel-linux-x86_64-fedora-gcc, r-release-macos-arm64, r-oldrel-macos-arm64, r-oldrel-macos-x86_64

Version: 1.2.0
Check: whether package can be installed
Result: ERROR
    Installation failed.
Flavors: r-release-linux-x86_64, r-oldrel-windows-ix86+x86_64