CRAN Package Check Results for Package bayescount

Last updated on 2019-07-21 07:49:05 CEST.

Flavor Version Tinstall Tcheck Ttotal Status Flags
r-devel-linux-x86_64-debian-clang 0.9.99-5 13.00 55.99 68.99 NOTE
r-devel-linux-x86_64-debian-gcc 0.9.99-5 11.44 44.46 55.90 NOTE
r-devel-linux-x86_64-fedora-clang 0.9.99-5 85.04 NOTE
r-devel-linux-x86_64-fedora-gcc 0.9.99-5 84.22 NOTE
r-devel-windows-ix86+x86_64 0.9.99-5 23.00 94.00 117.00 NOTE
r-patched-linux-x86_64 0.9.99-5 12.79 57.48 70.27 NOTE
r-patched-solaris-x86 0.9.99-5 118.50 NOTE
r-release-linux-x86_64 0.9.99-5 12.92 56.75 69.67 NOTE
r-release-windows-ix86+x86_64 0.9.99-5 21.00 73.00 94.00 NOTE
r-release-osx-x86_64 0.9.99-5 NOTE
r-oldrel-windows-ix86+x86_64 0.9.99-5 27.00 67.00 94.00 NOTE
r-oldrel-osx-x86_64 0.9.99-5 NOTE

Check Details

Version: 0.9.99-5
Check: R code for possible problems
Result: NOTE
    FECRT: no visible global function definition for 'pdf'
    FECRT: no visible global function definition for 'hist'
    FECRT: no visible global function definition for 'abline'
    FECRT: no visible global function definition for 'dev.off'
    FECRT.analysis: no visible global function definition for 'pdf'
    FECRT.analysis: no visible global function definition for 'hist'
    FECRT.analysis: no visible global function definition for 'abline'
    FECRT.analysis: no visible global function definition for 'dev.off'
    fecrt: no visible global function definition for 'pdf'
    fecrt: no visible global function definition for 'hist'
    fecrt: no visible global function definition for 'abline'
    fecrt: no visible global function definition for 'dev.off'
    fecrt.analysis: no visible global function definition for 'pdf'
    fecrt.analysis: no visible global function definition for 'hist'
    fecrt.analysis: no visible global function definition for 'abline'
    fecrt.analysis: no visible global function definition for 'dev.off'
    Undefined global functions or variables:
     abline dev.off hist pdf
    Consider adding
     importFrom("grDevices", "dev.off", "pdf")
     importFrom("graphics", "abline", "hist")
    to your NAMESPACE file.
Flavors: r-devel-linux-x86_64-debian-clang, r-devel-linux-x86_64-debian-gcc, r-devel-linux-x86_64-fedora-clang, r-devel-linux-x86_64-fedora-gcc, r-devel-windows-ix86+x86_64, r-patched-linux-x86_64, r-patched-solaris-x86, r-release-linux-x86_64, r-release-windows-ix86+x86_64, r-release-osx-x86_64, r-oldrel-windows-ix86+x86_64, r-oldrel-osx-x86_64

Version: 0.9.99-5
Check: compiled code
Result: NOTE
    File ‘bayescount/libs/bayescount.so’:
     Found no calls to: ‘R_registerRoutines’, ‘R_useDynamicSymbols’
    
    It is good practice to register native routines and to disable symbol
    search.
    
    See ‘Writing portable packages’ in the ‘Writing R Extensions’ manual.
Flavors: r-devel-linux-x86_64-fedora-clang, r-devel-linux-x86_64-fedora-gcc