CRAN Package Check Results for Package bayescount

Last updated on 2020-04-04 15:48:11 CEST.

Flavor Version Tinstall Tcheck Ttotal Status Flags
r-devel-linux-x86_64-debian-clang 0.9.99-5 15.58 63.28 78.86 NOTE
r-devel-linux-x86_64-debian-gcc 0.9.99-5 13.33 48.06 61.39 NOTE
r-devel-linux-x86_64-fedora-clang 0.9.99-5 93.72 NOTE
r-devel-linux-x86_64-fedora-gcc 0.9.99-5 95.10 NOTE
r-devel-windows-ix86+x86_64 0.9.99-5 25.00 73.00 98.00 NOTE
r-devel-windows-ix86+x86_64-gcc8 0.9.99-5 24.00 76.00 100.00 NOTE
r-patched-linux-x86_64 0.9.99-5 16.32 62.35 78.67 NOTE
r-patched-solaris-x86 0.9.99-5 138.60 NOTE
r-release-linux-x86_64 0.9.99-5 11.66 55.97 67.63 NOTE
r-release-windows-ix86+x86_64 0.9.99-5 23.00 102.00 125.00 NOTE
r-release-osx-x86_64 0.9.99-5 NOTE
r-oldrel-windows-ix86+x86_64 0.9.99-5 25.00 68.00 93.00 NOTE
r-oldrel-osx-x86_64 0.9.99-5 NOTE

Check Details

Version: 0.9.99-5
Check: R code for possible problems
Result: NOTE
    FECRT: no visible global function definition for 'pdf'
    FECRT: no visible global function definition for 'hist'
    FECRT: no visible global function definition for 'abline'
    FECRT: no visible global function definition for 'dev.off'
    FECRT.analysis: no visible global function definition for 'pdf'
    FECRT.analysis: no visible global function definition for 'hist'
    FECRT.analysis: no visible global function definition for 'abline'
    FECRT.analysis: no visible global function definition for 'dev.off'
    fecrt: no visible global function definition for 'pdf'
    fecrt: no visible global function definition for 'hist'
    fecrt: no visible global function definition for 'abline'
    fecrt: no visible global function definition for 'dev.off'
    fecrt.analysis: no visible global function definition for 'pdf'
    fecrt.analysis: no visible global function definition for 'hist'
    fecrt.analysis: no visible global function definition for 'abline'
    fecrt.analysis: no visible global function definition for 'dev.off'
    Undefined global functions or variables:
     abline dev.off hist pdf
    Consider adding
     importFrom("grDevices", "dev.off", "pdf")
     importFrom("graphics", "abline", "hist")
    to your NAMESPACE file.
Flavors: r-devel-linux-x86_64-debian-clang, r-devel-linux-x86_64-debian-gcc, r-devel-linux-x86_64-fedora-clang, r-devel-linux-x86_64-fedora-gcc, r-devel-windows-ix86+x86_64, r-devel-windows-ix86+x86_64-gcc8, r-patched-linux-x86_64, r-patched-solaris-x86, r-release-linux-x86_64, r-release-windows-ix86+x86_64, r-release-osx-x86_64, r-oldrel-windows-ix86+x86_64, r-oldrel-osx-x86_64

Version: 0.9.99-5
Check: compiled code
Result: NOTE
    File ‘bayescount/libs/bayescount.so’:
     Found no calls to: ‘R_registerRoutines’, ‘R_useDynamicSymbols’
    
    It is good practice to register native routines and to disable symbol
    search.
    
    See ‘Writing portable packages’ in the ‘Writing R Extensions’ manual.
Flavors: r-devel-linux-x86_64-fedora-clang, r-devel-linux-x86_64-fedora-gcc