CRAN Package Check Results for Package bayesbr

Last updated on 2020-10-27 17:52:37 CET.

Flavor Version Tinstall Tcheck Ttotal Status Flags
r-devel-linux-x86_64-debian-clang 0.0.0.1 141.98 168.96 310.94 NOTE
r-devel-linux-x86_64-debian-gcc 0.0.0.1 122.29 128.73 251.02 NOTE
r-devel-linux-x86_64-fedora-clang 0.0.0.1 411.47 NOTE
r-devel-linux-x86_64-fedora-gcc 0.0.0.1 457.60 NOTE
r-devel-windows-ix86+x86_64 0.0.0.1 315.00 402.00 717.00 NOTE
r-patched-linux-x86_64 0.0.0.1 ERROR
r-patched-solaris-x86 0.0.0.1 451.60 NOTE
r-release-linux-x86_64 0.0.0.1 0.43 2.40 2.83 ERROR
r-release-macos-x86_64 0.0.0.1 NOTE
r-release-windows-ix86+x86_64 0.0.0.1 231.00 324.00 555.00 NOTE
r-oldrel-macos-x86_64 0.0.0.1 NOTE
r-oldrel-windows-ix86+x86_64 0.0.0.1 294.00 387.00 681.00 NOTE

Check Details

Version: 0.0.0.1
Check: for GNU extensions in Makefiles
Result: NOTE
    GNU make is a SystemRequirements.
Flavors: r-devel-linux-x86_64-debian-clang, r-devel-linux-x86_64-debian-gcc, r-devel-linux-x86_64-fedora-clang, r-devel-linux-x86_64-fedora-gcc, r-devel-windows-ix86+x86_64, r-patched-solaris-x86, r-release-macos-x86_64, r-release-windows-ix86+x86_64, r-oldrel-macos-x86_64, r-oldrel-windows-ix86+x86_64

Version: 0.0.0.1
Check: installed package size
Result: NOTE
     installed size is 34.5Mb
     sub-directories of 1Mb or more:
     libs 34.1Mb
Flavors: r-devel-linux-x86_64-fedora-clang, r-release-macos-x86_64, r-oldrel-macos-x86_64

Version: 0.0.0.1
Check: dependencies in R code
Result: NOTE
    Namespaces in Imports field not imported from:
     ‘magrittr’ ‘rstantools’
     All declared Imports should be used.
Flavors: r-devel-linux-x86_64-fedora-clang, r-devel-linux-x86_64-fedora-gcc, r-patched-solaris-x86, r-release-macos-x86_64, r-oldrel-macos-x86_64

Version: 0.0.0.1
Check: package dependencies
Result: ERROR
    Package required but not available: ‘rstan’
    
    See section ‘The DESCRIPTION file’ in the ‘Writing R Extensions’
    manual.
Flavors: r-patched-linux-x86_64, r-release-linux-x86_64