CRAN Package Check Results for Package bayesMig

Last updated on 2024-03-01 00:55:13 CET.

Flavor Version Tinstall Tcheck Ttotal Status Flags
r-devel-linux-x86_64-debian-clang 0.4-6 6.14 61.38 67.52 NOTE
r-devel-linux-x86_64-debian-gcc 0.4-6 4.17 46.53 50.70 NOTE
r-devel-linux-x86_64-fedora-clang 0.4-6 83.78 NOTE
r-devel-linux-x86_64-fedora-gcc 0.4-6 84.06 NOTE
r-devel-windows-x86_64 0.4-6 6.00 73.00 79.00 OK
r-patched-linux-x86_64 0.4-6 7.37 58.22 65.59 OK
r-release-linux-x86_64 0.4-6 5.93 59.57 65.50 OK
r-release-macos-arm64 0.4-6 28.00 OK
r-release-macos-x86_64 0.4-6 72.00 OK
r-release-windows-x86_64 0.4-6 8.00 79.00 87.00 OK
r-oldrel-macos-arm64 0.4-6 30.00 OK
r-oldrel-windows-x86_64 0.4-6 7.00 119.00 126.00 OK

Check Details

Version: 0.4-6
Check: Rd files
Result: NOTE checkRd: (-1) plot-traj.Rd:71: Lost braces; missing escapes or markup? 71 | the plots are saved into directory {sim.dir}/predictions/migTrajectories.} | ^ Flavors: r-devel-linux-x86_64-debian-clang, r-devel-linux-x86_64-debian-gcc, r-devel-linux-x86_64-fedora-clang, r-devel-linux-x86_64-fedora-gcc

Version: 0.4-6
Check: Rd cross-references
Result: NOTE Undeclared packages ‘rworldmap’, ‘snowFT’ in Rd xrefs Flavor: r-devel-linux-x86_64-fedora-clang