CRAN Package Check Results for Package batchtools

Last updated on 2019-04-25 00:47:18 CEST.

Flavor Version Tinstall Tcheck Ttotal Status Flags
r-devel-linux-x86_64-debian-clang 0.9.11 11.47 245.31 256.78 OK
r-devel-linux-x86_64-debian-gcc 0.9.11 8.82 254.67 263.49 OK
r-devel-linux-x86_64-fedora-clang 0.9.11 190.69 OK
r-devel-linux-x86_64-fedora-gcc 0.9.11 149.09 OK
r-devel-windows-ix86+x86_64 0.9.11 31.00 271.00 302.00 OK
r-patched-linux-x86_64 0.9.11 11.98 154.70 166.68 OK
r-patched-solaris-x86 0.9.11 241.80 OK
r-release-linux-x86_64 0.9.11 9.20 167.26 176.46 OK
r-release-windows-ix86+x86_64 0.9.11 18.00 370.00 388.00 OK
r-release-osx-x86_64 0.9.11 NOTE
r-oldrel-windows-ix86+x86_64 0.9.11 19.00 253.00 272.00 OK
r-oldrel-osx-x86_64 0.9.11 NOTE

Check Details

Version: 0.9.11
Check: package dependencies
Result: NOTE
    Package suggested but not available for checking: ‘doMPI’
Flavors: r-release-osx-x86_64, r-oldrel-osx-x86_64

Version: 0.9.11
Check: Rd cross-references
Result: NOTE
    Package unavailable to check Rd xrefs: ‘Rmpi’
Flavors: r-release-osx-x86_64, r-oldrel-osx-x86_64