CRAN Package Check Results for Package bastah

Last updated on 2022-08-17 23:12:48 CEST.

Flavor Version Tinstall Tcheck Ttotal Status Flags
r-devel-linux-x86_64-debian-clang 1.0.7 8.58 73.95 82.53 NOTE
r-devel-linux-x86_64-debian-gcc 1.0.7 NOTE
r-devel-linux-x86_64-fedora-clang 1.0.7 109.72 NOTE
r-devel-linux-x86_64-fedora-gcc 1.0.7 106.89 NOTE
r-devel-windows-x86_64 1.0.7 12.00 95.00 107.00 NOTE
r-patched-linux-x86_64 1.0.7 8.77 70.09 78.86 NOTE
r-release-linux-x86_64 1.0.7 7.39 72.12 79.51 NOTE
r-release-macos-arm64 1.0.7 31.00 NOTE
r-release-macos-x86_64 1.0.7 44.00 NOTE
r-release-windows-x86_64 1.0.7 14.00 105.00 119.00 NOTE
r-oldrel-macos-arm64 1.0.7 39.00 NOTE
r-oldrel-macos-x86_64 1.0.7 49.00 NOTE
r-oldrel-windows-ix86+x86_64 1.0.7 18.00 93.00 111.00 NOTE

Check Details

Version: 1.0.7
Check: package dependencies
Result: NOTE
    Package which this enhances but not available for checking: 'rPython'
Flavors: r-devel-linux-x86_64-debian-clang, r-devel-linux-x86_64-debian-gcc, r-devel-linux-x86_64-fedora-clang, r-devel-linux-x86_64-fedora-gcc, r-patched-linux-x86_64, r-release-linux-x86_64, r-release-macos-arm64, r-release-macos-x86_64, r-oldrel-macos-arm64, r-oldrel-macos-x86_64

Version: 1.0.7
Check: package dependencies
Result: NOTE
    Packages which this enhances but not available for checking:
     'doMC', 'rPython'
Flavors: r-devel-windows-x86_64, r-release-windows-x86_64, r-oldrel-windows-ix86+x86_64