Last updated on 2023-12-06 18:52:37 CET.
Flavor | Version | Tinstall | Tcheck | Ttotal | Status | Flags |
---|---|---|---|---|---|---|
r-devel-linux-x86_64-debian-clang | 0.2.0 | 5.73 | 71.44 | 77.17 | NOTE | |
r-devel-linux-x86_64-debian-gcc | 0.2.0 | 4.38 | 53.39 | 57.77 | NOTE | |
r-devel-linux-x86_64-fedora-clang | 0.2.0 | 104.04 | NOTE | |||
r-devel-linux-x86_64-fedora-gcc | 0.2.0 | 90.15 | NOTE | |||
r-devel-windows-x86_64 | 0.2.0 | 7.00 | 68.00 | 75.00 | NOTE | |
r-patched-linux-x86_64 | 0.2.0 | 5.68 | 66.38 | 72.06 | NOTE | |
r-release-linux-x86_64 | 0.2.0 | 5.68 | 66.22 | 71.90 | NOTE | |
r-release-macos-arm64 | 0.2.0 | 30.00 | NOTE | |||
r-release-macos-x86_64 | 0.2.0 | 50.00 | NOTE | |||
r-release-windows-x86_64 | 0.2.0 | 8.00 | 78.00 | 86.00 | NOTE | |
r-oldrel-macos-arm64 | 0.2.0 | 29.00 | NOTE | |||
r-oldrel-macos-x86_64 | 0.2.0 | 41.00 | NOTE | |||
r-oldrel-windows-x86_64 | 0.2.0 | 8.00 | 85.00 | 93.00 | NOTE |
Version: 0.2.0
Check: LazyData
Result: NOTE
'LazyData' is specified without a 'data' directory
Flavors: r-devel-linux-x86_64-debian-clang, r-devel-linux-x86_64-debian-gcc, r-devel-linux-x86_64-fedora-clang, r-devel-linux-x86_64-fedora-gcc, r-devel-windows-x86_64, r-patched-linux-x86_64, r-release-linux-x86_64, r-release-macos-arm64, r-release-macos-x86_64, r-release-windows-x86_64, r-oldrel-macos-arm64, r-oldrel-macos-x86_64, r-oldrel-windows-x86_64