CRAN Package Check Results for Package baseballDBR

Last updated on 2020-04-05 03:47:32 CEST.

Flavor Version Tinstall Tcheck Ttotal Status Flags
r-devel-linux-x86_64-debian-clang 0.1.2 6.23 57.42 63.65 OK
r-devel-linux-x86_64-debian-gcc 0.1.2 4.87 44.24 49.11 OK
r-devel-linux-x86_64-fedora-clang 0.1.2 71.95 OK
r-devel-linux-x86_64-fedora-gcc 0.1.2 74.45 OK
r-devel-windows-ix86+x86_64 0.1.2 16.00 89.00 105.00 OK
r-devel-windows-ix86+x86_64-gcc8 0.1.2 14.00 101.00 115.00 OK
r-patched-linux-x86_64 0.1.2 6.54 55.35 61.89 OK
r-patched-solaris-x86 0.1.2 102.50 OK
r-release-linux-x86_64 0.1.2 5.44 51.51 56.95 OK
r-release-windows-ix86+x86_64 0.1.2 14.00 130.00 144.00 OK
r-release-osx-x86_64 0.1.2 OK
r-oldrel-windows-ix86+x86_64 0.1.2 8.00 92.00 100.00 ERROR
r-oldrel-osx-x86_64 0.1.2 OK

Check Details

Version: 0.1.2
Check: tests
Result: ERROR
     Running 'testthat.R' [5s]
    Running the tests in 'tests/testthat.R' failed.
    Complete output:
     > library(testthat)
     > library(baseballDBR)
     >
     > test_check("baseballDBR")
     -- 1. Failure: (unknown) (@test-check_urls.R#25) ------------------------------
     urlExists("http://www.fangraphs.com/guts.aspx?type=cn") isn't true.
    
     == testthat results ===========================================================
     [ OK: 2 | SKIPPED: 0 | WARNINGS: 0 | FAILED: 1 ]
     1. Failure: (unknown) (@test-check_urls.R#25)
    
     Error: testthat unit tests failed
     In addition: Warning message:
     closing unused connection 4 (http://www.fangraphs.com/guts.aspx?type=cn)
     Execution halted
Flavor: r-oldrel-windows-ix86+x86_64