CRAN Package Check Results for Package base64url

Last updated on 2019-03-23 15:47:36 CET.

Flavor Version Tinstall Tcheck Ttotal Status Flags
r-devel-linux-x86_64-debian-clang 1.4 2.36 41.66 44.02 OK
r-devel-linux-x86_64-debian-gcc 1.4 1.89 34.31 36.20 OK
r-devel-linux-x86_64-fedora-clang 1.4 59.59 OK
r-devel-linux-x86_64-fedora-gcc 1.4 56.19 OK
r-devel-windows-ix86+x86_64 1.4 15.00 83.00 98.00 OK
r-patched-linux-x86_64 1.4 1.36 40.72 42.08 OK
r-patched-solaris-x86 1.4 67.10 OK
r-release-linux-x86_64 1.4 0.32 2.20 2.52 ERROR
r-release-windows-ix86+x86_64 1.4 7.00 61.00 68.00 OK
r-release-osx-x86_64 1.4 OK
r-oldrel-windows-ix86+x86_64 1.4 7.00 96.00 103.00 OK
r-oldrel-osx-x86_64 1.4 OK

Check Details

Version: 1.4
Check: whether package can be installed
Result: ERROR
    Installation failed.
Flavor: r-release-linux-x86_64