CRAN Package Check Results for Package base64enc

Last updated on 2022-10-03 04:59:21 CEST.

Flavor Version Tinstall Tcheck Ttotal Status Flags
r-devel-linux-x86_64-debian-clang 0.1-3 2.67 20.90 23.57 OK
r-devel-linux-x86_64-debian-gcc 0.1-3 1.54 16.61 18.15 OK
r-devel-linux-x86_64-fedora-clang 0.1-3 42.54 NOTE
r-devel-linux-x86_64-fedora-gcc 0.1-3 40.67 NOTE
r-devel-windows-x86_64 0.1-3 28.00 50.00 78.00 OK
r-patched-linux-x86_64 0.1-3 2.29 20.53 22.82 OK
r-release-linux-x86_64 0.1-3 1.96 20.54 22.50 OK
r-release-macos-arm64 0.1-3 24.00 OK
r-release-macos-x86_64 0.1-3 23.00 OK
r-release-windows-x86_64 0.1-3 9.00 46.00 55.00 OK
r-oldrel-macos-arm64 0.1-3 32.00 OK
r-oldrel-macos-x86_64 0.1-3 27.00 OK
r-oldrel-windows-ix86+x86_64 0.1-3 10.00 42.00 52.00 OK

Check Details

Version: 0.1-3
Check: compiled code
Result: NOTE
    File ‘base64enc/libs/base64enc.so’:
     Found no calls to: ‘R_registerRoutines’, ‘R_useDynamicSymbols’
    
    It is good practice to register native routines and to disable symbol
    search.
    
    See ‘Writing portable packages’ in the ‘Writing R Extensions’ manual.
Flavors: r-devel-linux-x86_64-fedora-clang, r-devel-linux-x86_64-fedora-gcc