CRAN Package Check Results for Package bandsfdp

Last updated on 2024-02-29 20:05:20 CET.

Flavor Version Tinstall Tcheck Ttotal Status Flags
r-devel-linux-x86_64-debian-clang 1.1.0 2.47 26.54 29.01 NOTE
r-devel-linux-x86_64-debian-gcc 1.1.0 2.80 20.14 22.94 NOTE
r-devel-linux-x86_64-fedora-clang 1.1.0 37.98 NOTE
r-devel-linux-x86_64-fedora-gcc 1.1.0 36.80 NOTE
r-devel-windows-x86_64 1.1.0 3.00 42.00 45.00 NOTE
r-patched-linux-x86_64 1.1.0 3.45 26.42 29.87 NOTE
r-release-linux-x86_64 1.1.0 2.99 26.24 29.23 NOTE
r-release-macos-arm64 1.1.0 18.00 NOTE
r-release-macos-x86_64 1.1.0 35.00 NOTE
r-release-windows-x86_64 1.1.0 5.00 43.00 48.00 NOTE
r-oldrel-macos-arm64 1.1.0 17.00 NOTE
r-oldrel-windows-x86_64 1.1.0 5.00 42.00 47.00 NOTE

Check Details

Version: 1.1.0
Check: package dependencies
Result: NOTE Package suggested but not available for checking: ‘fdpbandsdata’ Flavors: r-devel-linux-x86_64-debian-clang, r-devel-linux-x86_64-debian-gcc, r-devel-linux-x86_64-fedora-clang, r-devel-linux-x86_64-fedora-gcc, r-devel-windows-x86_64, r-patched-linux-x86_64, r-release-linux-x86_64, r-release-macos-arm64, r-release-macos-x86_64, r-release-windows-x86_64, r-oldrel-macos-arm64, r-oldrel-windows-x86_64