CRAN Package Check Results for Package bamm

Last updated on 2024-07-12 12:54:54 CEST.

Flavor Version Tinstall Tcheck Ttotal Status Flags
r-devel-linux-x86_64-debian-clang 0.5.0 81.52 529.94 611.46 OK
r-devel-linux-x86_64-debian-gcc 0.5.0 60.48 375.49 435.97 OK
r-devel-linux-x86_64-fedora-clang 0.5.0 824.05 NOTE
r-devel-linux-x86_64-fedora-gcc 0.5.0 757.16 NOTE
r-devel-windows-x86_64 0.5.0 63.00 432.00 495.00 OK
r-patched-linux-x86_64 0.5.0 74.32 488.53 562.85 OK
r-release-linux-x86_64 0.4.3 66.43 488.33 554.76 NOTE
r-release-macos-arm64 0.5.0 244.00 OK
r-release-macos-x86_64 0.5.0 711.00 OK
r-release-windows-x86_64 0.5.0 64.00 425.00 489.00 OK
r-oldrel-macos-arm64 0.5.0 284.00 OK
r-oldrel-macos-x86_64 0.5.0 520.00 OK
r-oldrel-windows-x86_64 0.5.0 85.00 577.00 662.00 OK

Check Details

Version: 0.5.0
Check: dependencies in R code
Result: NOTE Namespaces in Imports field not imported from: ‘crosstalk’ ‘plotly’ All declared Imports should be used. Flavors: r-devel-linux-x86_64-fedora-clang, r-devel-linux-x86_64-fedora-gcc

Version: 0.4.3
Check: C++ specification
Result: NOTE Specified C++11: please drop specification unless essential Flavor: r-release-linux-x86_64

Version: 0.4.3
Check: Rd files
Result: NOTE checkRd: (-1) null_dispersion_field_distribution.Rd:34: Lost braces 34 | random values it uses the function code{\link[bamm]{permute_pam}} | ^ Flavor: r-release-linux-x86_64