CRAN Package Check Results for Package bamlss

Last updated on 2020-10-29 08:48:13 CET.

Flavor Version Tinstall Tcheck Ttotal Status Flags
r-devel-linux-x86_64-debian-clang 1.1-2 66.29 362.09 428.38 OK
r-devel-linux-x86_64-debian-gcc 1.1-2 54.91 264.26 319.17 OK
r-devel-linux-x86_64-fedora-clang 1.1-2 557.39 NOTE
r-devel-linux-x86_64-fedora-gcc 1.1-2 504.50 NOTE
r-devel-windows-ix86+x86_64 1.1-2 111.00 415.00 526.00 OK
r-patched-linux-x86_64 1.1-2 64.87 327.49 392.36 OK
r-patched-solaris-x86 1.1-2 572.10 NOTE
r-release-linux-x86_64 1.1-2 62.43 325.83 388.26 OK
r-release-macos-x86_64 1.1-2 NOTE
r-release-windows-ix86+x86_64 1.1-2 78.00 433.00 511.00 OK
r-oldrel-macos-x86_64 1.1-2 NOTE
r-oldrel-windows-ix86+x86_64 1.1-2 100.00 403.00 503.00 OK

Check Details

Version: 1.1-2
Check: dependencies in R code
Result: NOTE
    Namespace in Imports field not imported from: ‘raster’
     All declared Imports should be used.
Flavors: r-devel-linux-x86_64-fedora-clang, r-devel-linux-x86_64-fedora-gcc, r-patched-solaris-x86, r-release-macos-x86_64

Version: 1.1-2
Check: dependencies in R code
Result: NOTE
    No protocol specified
    No protocol specified
    Namespace in Imports field not imported from: ‘raster’
     All declared Imports should be used.
Flavor: r-oldrel-macos-x86_64