CRAN Package Check Results for Package bamlss

Last updated on 2020-08-03 21:48:33 CEST.

Flavor Version Tinstall Tcheck Ttotal Status Flags
r-devel-linux-x86_64-debian-clang 1.1-2 67.79 332.86 400.65 NOTE
r-devel-linux-x86_64-debian-gcc 1.1-2 53.66 240.89 294.55 NOTE
r-devel-linux-x86_64-fedora-clang 1.1-2 470.91 NOTE
r-devel-linux-x86_64-fedora-gcc 1.1-2 484.89 NOTE
r-devel-windows-ix86+x86_64 1.1-2 121.00 340.00 461.00 OK
r-patched-linux-x86_64 1.1-2 73.55 324.22 397.77 NOTE
r-patched-solaris-x86 1.1-2 567.00 NOTE
r-release-linux-x86_64 1.1-2 61.23 323.96 385.19 NOTE
r-release-macos-x86_64 1.1-2 NOTE
r-release-windows-ix86+x86_64 1.1-2 119.00 387.00 506.00 OK
r-oldrel-macos-x86_64 1.1-2 NOTE
r-oldrel-windows-ix86+x86_64 1.1-2 71.00 302.00 373.00 OK

Check Details

Version: 1.1-2
Check: package dependencies
Result: NOTE
    Package suggested but not available for checking: 'ffbase'
Flavors: r-devel-linux-x86_64-debian-clang, r-devel-linux-x86_64-debian-gcc, r-devel-linux-x86_64-fedora-clang, r-devel-linux-x86_64-fedora-gcc, r-patched-linux-x86_64, r-patched-solaris-x86, r-release-linux-x86_64

Version: 1.1-2
Check: dependencies in R code
Result: NOTE
    Namespace in Imports field not imported from: ‘raster’
     All declared Imports should be used.
Flavors: r-devel-linux-x86_64-fedora-clang, r-devel-linux-x86_64-fedora-gcc, r-patched-solaris-x86, r-release-macos-x86_64

Version: 1.1-2
Check: dependencies in R code
Result: NOTE
    No protocol specified
    No protocol specified
    Namespace in Imports field not imported from: ‘raster’
     All declared Imports should be used.
Flavor: r-oldrel-macos-x86_64