CRAN Package Check Results for Package bamlss

Last updated on 2021-10-19 23:52:48 CEST.

Flavor Version Tinstall Tcheck Ttotal Status Flags
r-devel-linux-x86_64-debian-clang 1.1-5 70.44 412.23 482.67 NOTE
r-devel-linux-x86_64-debian-gcc 1.1-5 62.62 296.88 359.50 OK
r-devel-linux-x86_64-fedora-clang 1.1-5 598.07 NOTE
r-devel-linux-x86_64-fedora-gcc 1.1-5 585.79 NOTE
r-devel-windows-x86_64 1.1-5 111.00 458.00 569.00 NOTE
r-devel-windows-x86_64-gcc10-UCRT 1.1-5 NOTE
r-patched-linux-x86_64 1.1-5 79.27 401.12 480.39 NOTE
r-patched-solaris-x86 1.1-5 592.80 NOTE
r-release-linux-x86_64 1.1-5 68.22 396.06 464.28 NOTE
r-release-macos-arm64 1.1-5 NOTE
r-release-macos-x86_64 1.1-5 NOTE
r-release-windows-ix86+x86_64 1.1-5 84.00 521.00 605.00 NOTE
r-oldrel-macos-x86_64 1.1-5 NOTE
r-oldrel-windows-ix86+x86_64 1.1-5 127.00 493.00 620.00 NOTE

Check Details

Version: 1.1-5
Check: Rd cross-references
Result: NOTE
    Unknown package 'BayesXsrc' in Rd xrefs
Flavors: r-devel-linux-x86_64-debian-clang, r-devel-linux-x86_64-fedora-gcc, r-devel-windows-x86_64-gcc10-UCRT, r-patched-linux-x86_64, r-patched-solaris-x86, r-release-linux-x86_64

Version: 1.1-5
Check: installed package size
Result: NOTE
     installed size is 6.3Mb
     sub-directories of 1Mb or more:
     R 2.5Mb
     data 1.3Mb
     doc 1.8Mb
Flavors: r-devel-linux-x86_64-fedora-clang, r-devel-windows-x86_64, r-patched-solaris-x86, r-release-macos-arm64, r-release-macos-x86_64, r-release-windows-ix86+x86_64, r-oldrel-macos-x86_64, r-oldrel-windows-ix86+x86_64

Version: 1.1-5
Check: Rd cross-references
Result: NOTE
    Undeclared package ‘BayesXsrc’ in Rd xrefs
    Unknown package ‘BayesXsrc’ in Rd xrefs
Flavor: r-devel-linux-x86_64-fedora-clang