CRAN Package Check Results for Package bamlss

Last updated on 2022-05-29 03:52:05 CEST.

Flavor Version Tinstall Tcheck Ttotal Status Flags
r-devel-linux-x86_64-debian-clang 1.1-7 70.37 442.26 512.63 NOTE
r-devel-linux-x86_64-debian-gcc 1.1-7 66.39 317.94 384.33 NOTE
r-devel-linux-x86_64-fedora-clang 1.1-7 627.93 NOTE
r-devel-linux-x86_64-fedora-gcc 1.1-7 627.63 NOTE
r-devel-windows-x86_64 1.1-7 124.00 407.00 531.00 NOTE
r-patched-linux-x86_64 1.1-7 78.74 407.41 486.15 NOTE
r-release-linux-x86_64 1.1-7 74.35 413.44 487.79 NOTE
r-release-macos-arm64 1.1-7 112.00 NOTE
r-release-macos-x86_64 1.1-7 193.00 NOTE
r-release-windows-x86_64 1.1-7 137.00 417.00 554.00 NOTE
r-oldrel-macos-arm64 1.1-7 112.00 NOTE
r-oldrel-macos-x86_64 1.1-7 175.00 NOTE
r-oldrel-windows-ix86+x86_64 1.1-7 130.00 490.00 620.00 NOTE

Check Details

Version: 1.1-7
Check: package dependencies
Result: NOTE
    Package suggested but not available for checking: 'geoR'
Flavors: r-devel-linux-x86_64-debian-clang, r-devel-linux-x86_64-debian-gcc, r-devel-linux-x86_64-fedora-clang, r-devel-linux-x86_64-fedora-gcc, r-patched-linux-x86_64, r-release-linux-x86_64

Version: 1.1-7
Check: Rd cross-references
Result: NOTE
    Unknown package 'geoR' in Rd xrefs
Flavors: r-devel-linux-x86_64-debian-clang, r-devel-linux-x86_64-debian-gcc, r-devel-linux-x86_64-fedora-gcc, r-patched-linux-x86_64, r-release-linux-x86_64

Version: 1.1-7
Check: installed package size
Result: NOTE
     installed size is 6.4Mb
     sub-directories of 1Mb or more:
     R 2.5Mb
     data 1.3Mb
     doc 1.9Mb
Flavors: r-devel-linux-x86_64-fedora-clang, r-devel-windows-x86_64, r-release-macos-arm64, r-release-macos-x86_64, r-release-windows-x86_64, r-oldrel-macos-arm64, r-oldrel-macos-x86_64, r-oldrel-windows-ix86+x86_64

Version: 1.1-7
Check: Rd cross-references
Result: NOTE
    Undeclared package ‘BayesXsrc’ in Rd xrefs
    Unknown package ‘geoR’ in Rd xrefs
Flavor: r-devel-linux-x86_64-fedora-clang

Version: 1.1-7
Check: package dependencies
Result: NOTE
    Package suggested but not available for checking: ‘rjags’
Flavor: r-release-macos-x86_64

Version: 1.1-7
Check: Rd cross-references
Result: NOTE
    Package unavailable to check Rd xrefs: ‘rjags’
Flavor: r-release-macos-x86_64