CRAN Package Check Results for Package balance

Last updated on 2019-02-19 01:47:43 CET.

Flavor Version Tinstall Tcheck Ttotal Status Flags
r-devel-linux-x86_64-debian-clang 0.1.9 2.22 42.54 44.76 OK
r-devel-linux-x86_64-debian-gcc 0.1.9 1.93 38.73 40.66 OK
r-devel-linux-x86_64-fedora-clang 0.1.9 64.39 OK
r-devel-linux-x86_64-fedora-gcc 0.1.9 59.77 OK
r-devel-windows-ix86+x86_64 0.1.9 8.00 58.00 66.00 OK
r-patched-linux-x86_64 0.1.9 1.69 41.05 42.74 OK
r-patched-solaris-x86 0.1.9 86.10 OK
r-release-linux-x86_64 0.1.9 2.16 41.99 44.15 OK
r-release-windows-ix86+x86_64 0.1.9 5.00 57.00 62.00 OK
r-release-osx-x86_64 0.1.9 NOTE
r-oldrel-windows-ix86+x86_64 0.1.9 4.00 98.00 102.00 OK
r-oldrel-osx-x86_64 0.1.9 NOTE

Check Details

Version: 0.1.9
Check: package dependencies
Result: NOTE
    Package suggested but not available for checking: ‘philr’
Flavors: r-release-osx-x86_64, r-oldrel-osx-x86_64