CRAN Package Check Results for Package bahc

Last updated on 2020-09-22 03:49:14 CEST.

Flavor Version Tinstall Tcheck Ttotal Status Flags
r-devel-linux-x86_64-debian-clang 0.2.0 1.85 20.25 22.10 OK
r-devel-linux-x86_64-debian-gcc 0.3.0 0.26 1.79 2.05 ERROR
r-devel-linux-x86_64-fedora-clang 0.3.0 38.67 OK
r-devel-linux-x86_64-fedora-gcc 0.3.0 28.01 OK
r-devel-windows-ix86+x86_64 0.2.0 5.00 31.00 36.00 OK
r-patched-linux-x86_64 0.2.0 2.09 20.00 22.09 OK
r-patched-solaris-x86 0.3.0 42.60 OK
r-release-linux-x86_64 0.2.0 1.82 19.93 21.75 OK
r-release-macos-x86_64 0.2.0 OK
r-release-windows-ix86+x86_64 0.2.0 4.00 30.00 34.00 OK
r-oldrel-macos-x86_64 0.2.0 OK
r-oldrel-windows-ix86+x86_64 0.2.0 3.00 36.00 39.00 OK

Check Details

Version: 0.3.0
Check: whether package can be installed
Result: ERROR
    Installation failed.
Flavor: r-devel-linux-x86_64-debian-gcc