Last updated on 2023-02-03 00:50:53 CET.
Flavor | Version | Tinstall | Tcheck | Ttotal | Status | Flags |
---|---|---|---|---|---|---|
r-devel-linux-x86_64-debian-clang | 0.7.4 | 630.32 | 298.11 | 928.43 | NOTE | |
r-devel-linux-x86_64-debian-gcc | 0.7.4 | 545.61 | 246.87 | 792.48 | NOTE | |
r-devel-linux-x86_64-fedora-clang | 0.7.4 | 1126.15 | NOTE | |||
r-devel-linux-x86_64-fedora-gcc | 0.7.4 | 1351.84 | NOTE | |||
r-devel-windows-x86_64 | 0.7.4 | 455.00 | 432.00 | 887.00 | NOTE | |
r-patched-linux-x86_64 | 0.7.4 | 505.22 | 326.54 | 831.76 | NOTE | |
r-release-linux-x86_64 | 0.7.4 | 473.81 | 325.87 | 799.68 | NOTE | |
r-release-macos-arm64 | 0.7.4 | 341.00 | NOTE | |||
r-release-macos-x86_64 | 0.7.4 | 427.00 | NOTE | |||
r-release-windows-x86_64 | 0.7.4 | 554.00 | 442.00 | 996.00 | NOTE | |
r-oldrel-macos-arm64 | 0.7.4 | 342.00 | NOTE | |||
r-oldrel-macos-x86_64 | 0.7.4 | 433.00 | NOTE | |||
r-oldrel-windows-ix86+x86_64 | 0.7.4 | 1322.00 | 630.00 | 1952.00 | NOTE |
Version: 0.7.4
Check: C++ specification
Result: NOTE
Specified C++14: please update to current default of C++17
Flavors: r-devel-linux-x86_64-debian-clang, r-devel-linux-x86_64-debian-gcc, r-devel-linux-x86_64-fedora-clang, r-devel-linux-x86_64-fedora-gcc, r-devel-windows-x86_64
Version: 0.7.4
Check: for GNU extensions in Makefiles
Result: NOTE
GNU make is a SystemRequirements.
Flavors: r-devel-linux-x86_64-debian-clang, r-devel-linux-x86_64-debian-gcc, r-devel-linux-x86_64-fedora-clang, r-devel-linux-x86_64-fedora-gcc, r-devel-windows-x86_64, r-patched-linux-x86_64, r-release-linux-x86_64, r-release-macos-arm64, r-release-macos-x86_64, r-release-windows-x86_64, r-oldrel-macos-arm64, r-oldrel-macos-x86_64, r-oldrel-windows-ix86+x86_64
Version: 0.7.4
Check: installed package size
Result: NOTE
installed size is 8.2Mb
sub-directories of 1Mb or more:
libs 6.4Mb
Flavors: r-devel-linux-x86_64-fedora-clang, r-devel-windows-x86_64, r-release-macos-arm64, r-release-macos-x86_64, r-release-windows-x86_64, r-oldrel-macos-arm64, r-oldrel-macos-x86_64, r-oldrel-windows-ix86+x86_64