CRAN Package Check Results for Package backbone

Last updated on 2020-09-18 20:47:20 CEST.

Flavor Version Tinstall Tcheck Ttotal Status Flags
r-devel-linux-x86_64-debian-clang 1.2.2 19.61 147.01 166.62 OK
r-devel-linux-x86_64-debian-gcc 1.2.2 13.42 107.92 121.34 OK
r-devel-linux-x86_64-fedora-clang 1.2.2 207.63 NOTE
r-devel-linux-x86_64-fedora-gcc 1.2.2 201.75 OK
r-devel-windows-ix86+x86_64 1.2.2 45.00 321.00 366.00 OK
r-patched-linux-x86_64 1.2.2 16.51 143.18 159.69 OK
r-patched-solaris-x86 1.2.2 234.80 OK
r-release-linux-x86_64 1.2.2 14.73 143.08 157.81 OK
r-release-macos-x86_64 1.2.2 OK
r-release-windows-ix86+x86_64 1.2.2 45.00 316.00 361.00 OK
r-oldrel-macos-x86_64 1.2.2 OK
r-oldrel-windows-ix86+x86_64 1.2.2 42.00 286.00 328.00 OK

Check Details

Version: 1.2.2
Check: Rd cross-references
Result: NOTE
    Undeclared package ‘poibin’ in Rd xrefs
Flavor: r-devel-linux-x86_64-fedora-clang