Last updated on 2023-01-28 15:50:21 CET.
Flavor | Version | Tinstall | Tcheck | Ttotal | Status | Flags |
---|---|---|---|---|---|---|
r-devel-linux-x86_64-debian-clang | 0.1.0 | 55.23 | 288.40 | 343.63 | NOTE | |
r-devel-linux-x86_64-debian-gcc | 0.1.0 | 38.95 | 215.83 | 254.78 | NOTE | |
r-devel-linux-x86_64-fedora-clang | 0.1.0 | 459.25 | NOTE | |||
r-devel-linux-x86_64-fedora-gcc | 0.1.0 | 483.38 | NOTE | |||
r-devel-windows-x86_64 | 0.1.0 | 120.00 | 373.00 | 493.00 | NOTE | |
r-patched-linux-x86_64 | 0.1.0 | 46.63 | 281.91 | 328.54 | NOTE | |
r-release-linux-x86_64 | 0.1.0 | 53.33 | 283.14 | 336.47 | NOTE | |
r-release-macos-arm64 | 0.1.0 | 99.00 | NOTE | |||
r-release-macos-x86_64 | 0.1.0 | 152.00 | NOTE | |||
r-release-windows-x86_64 | 0.1.0 | 113.00 | 403.00 | 516.00 | NOTE | |
r-oldrel-macos-arm64 | 0.1.0 | 92.00 | NOTE | |||
r-oldrel-macos-x86_64 | 0.1.0 | 158.00 | NOTE | |||
r-oldrel-windows-ix86+x86_64 | 0.1.0 | 71.00 | 383.00 | 454.00 | NOTE |
Version: 0.1.0
Check: package dependencies
Result: NOTE
Package suggested but not available for checking: ‘lixoftConnectors’
Flavors: r-devel-linux-x86_64-debian-clang, r-devel-linux-x86_64-debian-gcc, r-devel-linux-x86_64-fedora-clang, r-devel-linux-x86_64-fedora-gcc, r-devel-windows-x86_64, r-patched-linux-x86_64, r-release-linux-x86_64, r-release-macos-arm64, r-release-macos-x86_64, r-release-windows-x86_64, r-oldrel-macos-arm64, r-oldrel-macos-x86_64, r-oldrel-windows-ix86+x86_64
Version: 0.1.0
Check: C++ specification
Result: NOTE
Specified C++14: please update to current default of C++17
Flavors: r-devel-linux-x86_64-debian-gcc, r-devel-linux-x86_64-fedora-clang, r-devel-linux-x86_64-fedora-gcc