CRAN Package Check Results for Package babelmixr2

Last updated on 2024-02-29 15:53:39 CET.

Flavor Version Tinstall Tcheck Ttotal Status Flags
r-devel-linux-x86_64-debian-clang 0.1.2 57.27 471.05 528.32 NOTE
r-devel-linux-x86_64-debian-gcc 0.1.2 45.71 355.22 400.93 NOTE
r-devel-linux-x86_64-fedora-clang 0.1.2 699.07 NOTE
r-devel-linux-x86_64-fedora-gcc 0.1.2 729.71 NOTE
r-devel-windows-x86_64 0.1.2 56.00 424.00 480.00 NOTE
r-patched-linux-x86_64 0.1.2 48.99 478.38 527.37 NOTE
r-release-linux-x86_64 0.1.2 50.32 458.58 508.90 NOTE
r-release-macos-arm64 0.1.2 190.00 NOTE
r-release-macos-x86_64 0.1.2 263.00 NOTE
r-release-windows-x86_64 0.1.2 75.00 536.00 611.00 NOTE
r-oldrel-macos-arm64 0.1.2 176.00 NOTE
r-oldrel-windows-x86_64 0.1.2 59.00 521.00 580.00 NOTE

Check Details

Version: 0.1.2
Check: package dependencies
Result: NOTE Package suggested but not available for checking: ‘lixoftConnectors’ Flavors: r-devel-linux-x86_64-debian-clang, r-devel-linux-x86_64-debian-gcc, r-devel-linux-x86_64-fedora-clang, r-devel-linux-x86_64-fedora-gcc, r-devel-windows-x86_64, r-patched-linux-x86_64, r-release-linux-x86_64, r-release-macos-arm64, r-release-macos-x86_64, r-release-windows-x86_64, r-oldrel-macos-arm64, r-oldrel-windows-x86_64