CRAN Package Check Results for Package baRulho

Last updated on 2020-06-03 08:49:54 CEST.

Flavor Version Tinstall Tcheck Ttotal Status Flags
r-devel-linux-x86_64-debian-clang 1.0.1 7.61 99.25 106.86 WARN
r-devel-linux-x86_64-debian-gcc 1.0.1 6.52 75.99 82.51 WARN
r-devel-linux-x86_64-fedora-clang 1.0.1 133.93 WARN
r-devel-linux-x86_64-fedora-gcc 1.0.1 126.01 WARN
r-devel-windows-ix86+x86_64 1.0.1 22.00 143.00 165.00 WARN
r-patched-linux-x86_64 1.0.1 8.23 98.50 106.73 OK
r-patched-solaris-x86 1.0.1 186.10 OK
r-release-linux-x86_64 1.0.1 7.48 99.22 106.70 OK
r-release-osx-x86_64 1.0.1 OK
r-release-windows-ix86+x86_64 1.0.1 15.00 112.00 127.00 OK
r-oldrel-osx-x86_64 1.0.1 OK
r-oldrel-windows-ix86+x86_64 1.0.1 13.00 115.00 128.00 OK

Check Details

Version: 1.0.1
Check: whether the namespace can be loaded with stated dependencies
Result: WARN
    Warning: S4 exports specified in 'NAMESPACE' but not defined in package 'baRulho'
Flavors: r-devel-linux-x86_64-debian-clang, r-devel-linux-x86_64-debian-gcc, r-devel-linux-x86_64-fedora-clang, r-devel-linux-x86_64-fedora-gcc, r-devel-windows-ix86+x86_64