CRAN Package Check Results for Package aws.alexa

Last updated on 2023-12-06 16:53:05 CET.

Flavor Version Tinstall Tcheck Ttotal Status Flags
r-devel-linux-x86_64-debian-clang 0.1.8 5.19 47.42 52.61 NOTE
r-devel-linux-x86_64-debian-gcc 0.1.8 3.84 36.62 40.46 NOTE
r-devel-linux-x86_64-fedora-clang 0.1.8 71.47 NOTE
r-devel-linux-x86_64-fedora-gcc 0.1.8 75.06 NOTE
r-devel-windows-x86_64 0.1.8 8.00 76.00 84.00 NOTE
r-patched-linux-x86_64 0.1.8 4.56 45.49 50.05 NOTE
r-release-linux-x86_64 0.1.8 4.46 44.96 49.42 NOTE
r-release-macos-arm64 0.1.8 30.00 NOTE
r-release-macos-x86_64 0.1.8 48.00 NOTE
r-release-windows-x86_64 0.1.8 10.00 86.00 96.00 NOTE
r-oldrel-macos-arm64 0.1.8 27.00 NOTE
r-oldrel-macos-x86_64 0.1.8 37.00 NOTE
r-oldrel-windows-x86_64 0.1.8 10.00 89.00 99.00 NOTE

Check Details

Version: 0.1.8
Check: LazyData
Result: NOTE 'LazyData' is specified without a 'data' directory Flavors: r-devel-linux-x86_64-debian-clang, r-devel-linux-x86_64-debian-gcc, r-devel-linux-x86_64-fedora-clang, r-devel-linux-x86_64-fedora-gcc, r-devel-windows-x86_64, r-patched-linux-x86_64, r-release-linux-x86_64, r-release-macos-arm64, r-release-macos-x86_64, r-release-windows-x86_64, r-oldrel-macos-arm64, r-oldrel-macos-x86_64, r-oldrel-windows-x86_64