CRAN Package Check Results for Package aweSOM

Last updated on 2021-04-15 22:51:01 CEST.

Flavor Version Tinstall Tcheck Ttotal Status Flags
r-devel-linux-x86_64-debian-clang 1.2 4.44 52.24 56.68 OK
r-devel-linux-x86_64-debian-gcc 1.2 4.14 40.09 44.23 OK
r-devel-linux-x86_64-fedora-clang 1.2 83.26 NOTE
r-devel-linux-x86_64-fedora-gcc 1.2 69.66 NOTE
r-devel-windows-ix86+x86_64 1.2 14.00 74.00 88.00 OK
r-devel-windows-x86_64-gcc10-UCRT 1.2 NOTE
r-patched-linux-x86_64 1.2 3.87 50.85 54.72 OK
r-patched-solaris-x86 1.2 99.00 WARN
r-release-linux-x86_64 1.2 5.10 49.71 54.81 OK
r-release-macos-x86_64 1.2 WARN
r-release-windows-ix86+x86_64 1.2 20.00 86.00 106.00 OK
r-oldrel-macos-x86_64 1.2 WARN
r-oldrel-windows-ix86+x86_64 1.2 7.00 53.00 60.00 OK

Check Details

Version: 1.2
Check: dependencies in R code
Result: NOTE
    Namespaces in Imports field not imported from:
     ‘DT’ ‘bslib’ ‘rclipboard’ ‘rmarkdown’
     All declared Imports should be used.
Flavors: r-devel-linux-x86_64-fedora-clang, r-devel-linux-x86_64-fedora-gcc, r-devel-windows-x86_64-gcc10-UCRT, r-patched-solaris-x86, r-release-macos-x86_64, r-oldrel-macos-x86_64

Version: 1.2
Check: re-building of vignette outputs
Result: WARN
    Error(s) in re-building vignettes:
     ...
    --- re-building ‘aweSOM.Rmd’ using rmarkdown
    Warning in engine$weave(file, quiet = quiet, encoding = enc) :
     Pandoc (>= 1.12.3) not available. Falling back to R Markdown v1.
    Quitting from lines 97-101 (aweSOM.Rmd)
    Error: processing vignette 'aweSOM.Rmd' failed with diagnostics:
    subscript out of bounds
    --- failed re-building ‘aweSOM.Rmd’
    
    SUMMARY: processing the following file failed:
     ‘aweSOM.Rmd’
    
    Error: Vignette re-building failed.
    Execution halted
Flavor: r-patched-solaris-x86

Version: 1.2
Check: re-building of vignette outputs
Result: WARN
    Error(s) in re-building vignettes:
     ...
    --- re-building ‘aweSOM.Rmd’ using rmarkdown
    Warning in engine$weave(file, quiet = quiet, encoding = enc) :
     Pandoc (>= 1.12.3) and/or pandoc-citeproc not available. Falling back to R Markdown v1.
    Quitting from lines 97-101 (aweSOM.Rmd)
    Error: processing vignette 'aweSOM.Rmd' failed with diagnostics:
    invalid 'path' argument
    --- failed re-building ‘aweSOM.Rmd’
    
    SUMMARY: processing the following file failed:
     ‘aweSOM.Rmd’
    
    Error: Vignette re-building failed.
    Execution halted
Flavors: r-release-macos-x86_64, r-oldrel-macos-x86_64