Last updated on 2022-06-30 02:52:19 CEST.
Flavor | Version | Tinstall | Tcheck | Ttotal | Status | Flags |
---|---|---|---|---|---|---|
r-devel-linux-x86_64-debian-clang | 1.1.2 | 8.37 | 88.59 | 96.96 | OK | |
r-devel-linux-x86_64-debian-gcc | 1.1.2 | 6.84 | 66.32 | 73.16 | OK | |
r-devel-linux-x86_64-fedora-clang | 1.1.2 | 124.60 | OK | |||
r-devel-linux-x86_64-fedora-gcc | 1.1.2 | 124.46 | OK | |||
r-devel-windows-x86_64 | 1.1.2 | 29.00 | 11.00 | 40.00 | ERROR | |
r-patched-linux-x86_64 | 1.1.2 | 1.58 | 3.45 | 5.03 | ERROR | |
r-release-linux-x86_64 | 1.1.2 | 6.68 | 83.25 | 89.93 | OK | |
r-release-macos-arm64 | 1.1.2 | 85.00 | OK | |||
r-release-macos-x86_64 | 1.1.2 | 96.00 | OK | |||
r-release-windows-x86_64 | 1.1.2 | 56.00 | 128.00 | 184.00 | OK | |
r-oldrel-macos-arm64 | 1.1.2 | 80.00 | OK | |||
r-oldrel-macos-x86_64 | 1.1.2 | 93.00 | OK | |||
r-oldrel-windows-ix86+x86_64 | 1.1.2 | 20.00 | 117.00 | 137.00 | OK |
Version: 1.1.2
Check: whether package can be installed
Result: ERROR
Installation failed.
Flavors: r-devel-windows-x86_64, r-patched-linux-x86_64