CRAN Package Check Results for Package autovarCore

Last updated on 2019-01-21 12:47:38 CET.

Flavor Version Tinstall Tcheck Ttotal Status Flags
r-devel-linux-x86_64-debian-clang 1.0-4 25.68 38.88 64.56 OK
r-devel-linux-x86_64-debian-gcc 1.0-4 20.53 31.18 51.71 OK
r-devel-linux-x86_64-fedora-clang 1.0-4 84.32 NOTE
r-devel-linux-x86_64-fedora-gcc 1.0-4 73.99 NOTE
r-devel-windows-ix86+x86_64 1.0-4 64.00 98.00 162.00 OK
r-patched-linux-x86_64 1.0-4 27.31 35.20 62.51 OK
r-patched-solaris-x86 1.0-4 93.40 NOTE
r-release-linux-x86_64 1.0-4 26.72 35.70 62.42 OK
r-release-windows-ix86+x86_64 1.0-4 65.00 89.00 154.00 OK
r-release-osx-x86_64 1.0-4 NOTE
r-oldrel-windows-ix86+x86_64 1.0-4 70.00 111.00 181.00 OK
r-oldrel-osx-x86_64 1.0-4 NOTE

Check Details

Version: 1.0-4
Check: dependencies in R code
Result: NOTE
    Namespaces in Imports field not imported from:
     ‘Rcpp’ ‘jsonlite’
     All declared Imports should be used.
Flavors: r-devel-linux-x86_64-fedora-clang, r-devel-linux-x86_64-fedora-gcc, r-patched-solaris-x86, r-release-osx-x86_64, r-oldrel-osx-x86_64