CRAN Package Check Results for Package autovarCore

Last updated on 2019-06-25 12:46:23 CEST.

Flavor Version Tinstall Tcheck Ttotal Status Flags
r-devel-linux-x86_64-debian-clang 1.0-4 28.08 51.16 79.24 OK
r-devel-linux-x86_64-debian-gcc 1.0-4 18.81 46.52 65.33 OK
r-devel-linux-x86_64-fedora-clang 1.0-4 92.23 NOTE
r-devel-linux-x86_64-fedora-gcc 1.0-4 87.02 NOTE
r-devel-windows-ix86+x86_64 1.0-4 82.00 101.00 183.00 OK
r-patched-linux-x86_64 1.0-4 22.92 51.81 74.73 OK
r-patched-solaris-x86 1.0-4 105.60 NOTE
r-release-linux-x86_64 1.0-4 22.56 52.70 75.26 OK
r-release-windows-ix86+x86_64 1.0-4 54.00 122.00 176.00 OK
r-release-osx-x86_64 1.0-4 NOTE
r-oldrel-windows-ix86+x86_64 1.0-4 48.00 72.00 120.00 OK
r-oldrel-osx-x86_64 1.0-4 NOTE

Check Details

Version: 1.0-4
Check: dependencies in R code
Result: NOTE
    Namespaces in Imports field not imported from:
     ‘Rcpp’ ‘jsonlite’
     All declared Imports should be used.
Flavors: r-devel-linux-x86_64-fedora-clang, r-devel-linux-x86_64-fedora-gcc, r-patched-solaris-x86, r-release-osx-x86_64, r-oldrel-osx-x86_64