CRAN Package Check Results for Package autovarCore

Last updated on 2019-03-18 22:53:59 CET.

Flavor Version Tinstall Tcheck Ttotal Status Flags
r-devel-linux-x86_64-debian-clang 1.0-4 29.11 53.12 82.23 OK
r-devel-linux-x86_64-debian-gcc 1.0-4 18.45 45.50 63.95 OK
r-devel-linux-x86_64-fedora-clang 1.0-4 99.86 NOTE
r-devel-linux-x86_64-fedora-gcc 1.0-4 90.55 NOTE
r-devel-windows-ix86+x86_64 1.0-4 69.00 104.00 173.00 OK
r-patched-linux-x86_64 1.0-4 21.78 50.06 71.84 OK
r-patched-solaris-x86 1.0-4 93.00 NOTE
r-release-linux-x86_64 1.0-4 20.34 51.03 71.37 OK
r-release-windows-ix86+x86_64 1.0-4 61.00 76.00 137.00 OK
r-release-osx-x86_64 1.0-4 NOTE
r-oldrel-windows-ix86+x86_64 1.0-4 52.00 107.00 159.00 OK
r-oldrel-osx-x86_64 1.0-4 NOTE

Check Details

Version: 1.0-4
Check: dependencies in R code
Result: NOTE
    Namespaces in Imports field not imported from:
     ‘Rcpp’ ‘jsonlite’
     All declared Imports should be used.
Flavors: r-devel-linux-x86_64-fedora-clang, r-devel-linux-x86_64-fedora-gcc, r-patched-solaris-x86, r-release-osx-x86_64, r-oldrel-osx-x86_64