CRAN Package Check Results for Package autovarCore

Last updated on 2018-11-16 19:51:15 CET.

Flavor Version Tinstall Tcheck Ttotal Status Flags
r-devel-linux-x86_64-debian-clang 1.0-4 27.29 37.93 65.22 OK
r-devel-linux-x86_64-debian-gcc 1.0-4 19.83 31.08 50.91 OK
r-devel-linux-x86_64-fedora-clang 1.0-4 85.12 NOTE
r-devel-linux-x86_64-fedora-gcc 1.0-4 73.00 NOTE
r-devel-windows-ix86+x86_64 1.0-4 55.00 99.00 154.00 OK
r-patched-linux-x86_64 1.0-4 24.18 35.69 59.87 OK
r-patched-solaris-x86 1.0-4 97.10 NOTE
r-release-linux-x86_64 1.0-4 30.00 35.75 65.75 OK
r-release-windows-ix86+x86_64 1.0-4 58.00 78.00 136.00 OK
r-release-osx-x86_64 1.0-4 NOTE
r-oldrel-windows-ix86+x86_64 1.0-4 59.00 112.00 171.00 OK
r-oldrel-osx-x86_64 1.0-4 NOTE

Check Details

Version: 1.0-4
Check: dependencies in R code
Result: NOTE
    Namespaces in Imports field not imported from:
     ‘Rcpp’ ‘jsonlite’
     All declared Imports should be used.
Flavors: r-devel-linux-x86_64-fedora-clang, r-devel-linux-x86_64-fedora-gcc, r-patched-solaris-x86, r-release-osx-x86_64, r-oldrel-osx-x86_64