CRAN Package Check Results for Package autostsm

Last updated on 2021-04-15 12:52:21 CEST.

Flavor Version Tinstall Tcheck Ttotal Status Flags
r-devel-linux-x86_64-debian-clang 1.2.2 41.37 74.46 115.83 OK
r-devel-linux-x86_64-debian-gcc 1.2.2 30.51 54.03 84.54 OK
r-devel-linux-x86_64-fedora-clang 1.2.2 156.15 NOTE
r-devel-linux-x86_64-fedora-gcc 1.2.2 139.42 NOTE
r-devel-windows-ix86+x86_64 1.2.2 101.00 122.00 223.00 OK
r-devel-windows-x86_64-gcc10-UCRT 1.2.2 NOTE
r-patched-linux-x86_64 1.2.2 35.13 67.89 103.02 OK
r-patched-solaris-x86 1.2.2 164.20 NOTE
r-release-linux-x86_64 1.2.2 35.44 66.31 101.75 OK
r-release-macos-x86_64 1.2.2 NOTE
r-release-windows-ix86+x86_64 1.2.2 83.00 104.00 187.00 OK
r-oldrel-macos-x86_64 1.2.2 ERROR
r-oldrel-windows-ix86+x86_64 1.2.2 61.00 6.00 67.00 ERROR

Check Details

Version: 1.2.2
Check: dependencies in R code
Result: NOTE
    Namespace in Imports field not imported from: ‘zoo’
     All declared Imports should be used.
Flavors: r-devel-linux-x86_64-fedora-clang, r-devel-linux-x86_64-fedora-gcc, r-devel-windows-x86_64-gcc10-UCRT, r-patched-solaris-x86, r-release-macos-x86_64

Version: 1.2.2
Check: package dependencies
Result: ERROR
    Package required and available but unsuitable version: ‘parallel’
    
    See section ‘The DESCRIPTION file’ in the ‘Writing R Extensions’
    manual.
Flavors: r-oldrel-macos-x86_64, r-oldrel-windows-ix86+x86_64