CRAN Package Check Results for Package automultinomial

Last updated on 2019-03-25 06:46:58 CET.

Flavor Version Tinstall Tcheck Ttotal Status Flags
r-devel-linux-x86_64-debian-clang 2.0.0 2.69 52.41 55.10 OK
r-devel-linux-x86_64-debian-gcc 2.0.0 1.98 39.46 41.44 OK
r-devel-linux-x86_64-fedora-clang 2.0.0 65.94 NOTE
r-devel-linux-x86_64-fedora-gcc 2.0.0 61.41 NOTE
r-devel-windows-ix86+x86_64 2.0.0 8.00 69.00 77.00 OK
r-patched-linux-x86_64 2.0.0 1.76 47.96 49.72 OK
r-patched-solaris-x86 2.0.0 86.30 NOTE
r-release-linux-x86_64 2.0.0 1.24 47.19 48.43 OK
r-release-windows-ix86+x86_64 2.0.0 3.00 65.00 68.00 OK
r-release-osx-x86_64 2.0.0 NOTE
r-oldrel-windows-ix86+x86_64 2.0.0 2.00 79.00 81.00 OK
r-oldrel-osx-x86_64 2.0.0 NOTE

Check Details

Version: 2.0.0
Check: dependencies in R code
Result: NOTE
    Namespace in Imports field not imported from: ‘igraph’
     All declared Imports should be used.
Flavors: r-devel-linux-x86_64-fedora-clang, r-devel-linux-x86_64-fedora-gcc, r-patched-solaris-x86, r-release-osx-x86_64, r-oldrel-osx-x86_64