Last updated on 2022-05-27 19:53:49 CEST.
Flavor | Version | Tinstall | Tcheck | Ttotal | Status | Flags |
---|---|---|---|---|---|---|
r-devel-linux-x86_64-debian-clang | 0.1.4 | 5.33 | 74.92 | 80.25 | OK | |
r-devel-linux-x86_64-debian-gcc | 0.1.4 | 4.25 | 57.36 | 61.61 | OK | |
r-devel-linux-x86_64-fedora-clang | 0.1.4 | 103.19 | NOTE | |||
r-devel-linux-x86_64-fedora-gcc | 0.1.4 | 93.47 | NOTE | |||
r-devel-windows-x86_64 | 0.1.4 | 25.00 | 89.00 | 114.00 | OK | |
r-patched-linux-x86_64 | 0.1.4 | 5.68 | 72.93 | 78.61 | OK | |
r-release-linux-x86_64 | 0.1.4 | 5.43 | 70.82 | 76.25 | OK | |
r-release-macos-arm64 | 0.1.4 | 27.00 | NOTE | |||
r-release-macos-x86_64 | 0.1.4 | 54.00 | NOTE | |||
r-release-windows-x86_64 | 0.1.4 | 30.00 | 101.00 | 131.00 | OK | |
r-oldrel-macos-arm64 | 0.1.4 | 33.00 | NOTE | |||
r-oldrel-macos-x86_64 | 0.1.4 | 44.00 | NOTE | |||
r-oldrel-windows-ix86+x86_64 | 0.1.4 | 15.00 | 85.00 | 100.00 | OK |
Version: 0.1.4
Check: dependencies in R code
Result: NOTE
Namespaces in Imports field not imported from:
‘MASS’ ‘broom’ ‘diptest’ ‘ggplot2’ ‘hexbin’ ‘moments’
All declared Imports should be used.
Flavors: r-devel-linux-x86_64-fedora-clang, r-devel-linux-x86_64-fedora-gcc, r-release-macos-arm64, r-release-macos-x86_64, r-oldrel-macos-arm64, r-oldrel-macos-x86_64