CRAN Package Check Results for Package autoMFA

Last updated on 2021-10-19 23:52:48 CEST.

Flavor Version Tinstall Tcheck Ttotal Status Flags
r-devel-linux-x86_64-debian-clang 1.0.0 7.11 71.77 78.88 OK
r-devel-linux-x86_64-debian-gcc 1.0.0 6.68 52.83 59.51 OK
r-devel-linux-x86_64-fedora-clang 1.0.0 108.19 NOTE
r-devel-linux-x86_64-fedora-gcc 1.0.0 93.84 NOTE
r-devel-windows-x86_64 1.0.0 14.00 90.00 104.00 OK
r-devel-windows-x86_64-gcc10-UCRT 1.0.0 NOTE
r-patched-linux-x86_64 1.0.0 7.33 70.07 77.40 OK
r-patched-solaris-x86 1.0.0 122.40 NOTE
r-release-linux-x86_64 1.0.0 8.09 69.16 77.25 OK
r-release-macos-arm64 1.0.0 NOTE
r-release-macos-x86_64 1.0.0 NOTE
r-release-windows-ix86+x86_64 1.0.0 9.00 97.00 106.00 OK
r-oldrel-macos-x86_64 1.0.0 NOTE
r-oldrel-windows-ix86+x86_64 1.0.0 14.00 90.00 104.00 OK

Check Details

Version: 1.0.0
Check: dependencies in R code
Result: NOTE
    Namespace in Imports field not imported from: ‘usethis’
     All declared Imports should be used.
Flavors: r-devel-linux-x86_64-fedora-clang, r-devel-linux-x86_64-fedora-gcc, r-devel-windows-x86_64-gcc10-UCRT, r-patched-solaris-x86, r-release-macos-arm64, r-release-macos-x86_64, r-oldrel-macos-x86_64