Last updated on 2022-08-12 07:53:09 CEST.
Flavor | Version | Tinstall | Tcheck | Ttotal | Status | Flags |
---|---|---|---|---|---|---|
r-devel-linux-x86_64-debian-clang | 1.4.3 | 74.73 | 143.36 | 218.09 | OK | |
r-devel-linux-x86_64-debian-gcc | 1.4.3 | 54.13 | 107.81 | 161.94 | OK | |
r-devel-linux-x86_64-fedora-clang | 1.4.3 | 291.45 | OK | |||
r-devel-linux-x86_64-fedora-gcc | 1.4.3 | 275.03 | OK | |||
r-devel-windows-x86_64 | 1.4.3 | 62.00 | 175.00 | 237.00 | OK | |
r-patched-linux-x86_64 | 1.4.3 | 61.59 | 135.74 | 197.33 | OK | |
r-release-linux-x86_64 | 1.4.3 | 50.59 | 134.76 | 185.35 | OK | |
r-release-macos-arm64 | 1.4.3 | 69.00 | NOTE | |||
r-release-macos-x86_64 | 1.4.3 | 118.00 | NOTE | |||
r-release-windows-x86_64 | 1.4.3 | 68.00 | 175.00 | 243.00 | OK | |
r-oldrel-macos-arm64 | 1.4.3 | 82.00 | NOTE | |||
r-oldrel-macos-x86_64 | 1.4.3 | 103.00 | NOTE | |||
r-oldrel-windows-ix86+x86_64 | 1.4.3 | 152.00 | 446.00 | 598.00 | OK |
Version: 1.4.3
Check: installed package size
Result: NOTE
installed size is 18.3Mb
sub-directories of 1Mb or more:
libs 18.0Mb
Flavors: r-release-macos-arm64, r-release-macos-x86_64, r-oldrel-macos-arm64, r-oldrel-macos-x86_64