CRAN Package Check Results for Package autoFC

Last updated on 2021-09-19 11:49:41 CEST.

Flavor Version Tinstall Tcheck Ttotal Status Flags
r-devel-linux-x86_64-debian-clang 0.1.2 2.31 598.90 601.21 OK
r-devel-linux-x86_64-debian-gcc 0.1.2 1.88 417.33 419.21 OK
r-devel-linux-x86_64-fedora-clang 0.1.2 686.15 OK
r-devel-linux-x86_64-fedora-gcc 0.1.2 694.52 OK
r-devel-windows-x86_64 0.1.2 4.00 654.00 658.00 OK
r-devel-windows-x86_64-gcc10-UCRT 0.1.2 ERROR
r-patched-linux-x86_64 0.1.2 2.48 569.39 571.87 OK
r-patched-solaris-x86 0.1.2 1093.70 OK
r-release-linux-x86_64 0.1.2 2.09 560.03 562.12 OK
r-release-macos-arm64 0.1.2 OK
r-release-macos-x86_64 0.1.2 OK
r-release-windows-ix86+x86_64 0.1.2 6.00 677.00 683.00 OK
r-oldrel-macos-x86_64 0.1.2 OK
r-oldrel-windows-ix86+x86_64 0.1.2 5.00 695.00 700.00 OK

Check Details

Version: 0.1.2
Check: whether package can be installed
Result: WARN
    Found the following significant warnings:
     WARNING: installation-time patches will not be applied, could not get the patches index
Flavor: r-devel-windows-x86_64-gcc10-UCRT

Version: 0.1.2
Check: PDF version of manual
Result: WARN
    LaTeX errors when creating PDF version.
    This typically indicates Rd problems.
Flavor: r-devel-windows-x86_64-gcc10-UCRT

Version: 0.1.2
Check: PDF version of manual without hyperrefs or index
Result: ERROR
    Re-running with no redirection of stdout/stderr.
Flavor: r-devel-windows-x86_64-gcc10-UCRT