CRAN Package Check Results for Package autoBagging

Last updated on 2020-04-05 05:47:04 CEST.

Flavor Version Tinstall Tcheck Ttotal Status Flags
r-devel-linux-x86_64-debian-clang 0.1.0 15.18 93.15 108.33 OK
r-devel-linux-x86_64-debian-gcc 0.1.0 12.61 71.84 84.45 OK
r-devel-linux-x86_64-fedora-clang 0.1.0 128.59 NOTE
r-devel-linux-x86_64-fedora-gcc 0.1.0 130.44 NOTE
r-devel-windows-ix86+x86_64 0.1.0 32.00 97.00 129.00 OK
r-devel-windows-ix86+x86_64-gcc8 0.1.0 30.00 108.00 138.00 OK
r-patched-linux-x86_64 0.1.0 13.62 89.56 103.18 OK
r-patched-solaris-x86 0.1.0 210.30 NOTE
r-release-linux-x86_64 0.1.0 10.54 81.62 92.16 OK
r-release-windows-ix86+x86_64 0.1.0 24.00 153.00 177.00 OK
r-release-osx-x86_64 0.1.0 NOTE
r-oldrel-windows-ix86+x86_64 0.1.0 16.00 94.00 110.00 OK
r-oldrel-osx-x86_64 0.1.0 NOTE

Check Details

Version: 0.1.0
Check: dependencies in R code
Result: NOTE
    Namespace in Imports field not imported from: ‘abind’
     All declared Imports should be used.
Flavors: r-devel-linux-x86_64-fedora-clang, r-devel-linux-x86_64-fedora-gcc, r-patched-solaris-x86, r-release-osx-x86_64, r-oldrel-osx-x86_64