CRAN Package Check Results for Package audubon

Last updated on 2022-08-12 21:52:56 CEST.

Flavor Version Tinstall Tcheck Ttotal Status Flags
r-devel-linux-x86_64-debian-clang 0.3.0 3.86 46.18 50.04 OK
r-devel-linux-x86_64-debian-gcc 0.3.0 3.46 35.70 39.16 OK
r-devel-linux-x86_64-fedora-clang 0.3.0 70.94 NOTE
r-devel-linux-x86_64-fedora-gcc 0.3.0 73.92 NOTE
r-devel-windows-x86_64 0.3.0 14.00 71.00 85.00 OK
r-patched-linux-x86_64 0.3.0 3.61 44.69 48.30 OK
r-release-linux-x86_64 0.3.0 3.42 44.45 47.87 OK
r-release-macos-arm64 0.3.0 23.00 NOTE
r-release-macos-x86_64 0.3.0 32.00 NOTE
r-release-windows-x86_64 0.3.0 26.00 72.00 98.00 OK
r-oldrel-macos-arm64 0.3.0 23.00 NOTE
r-oldrel-macos-x86_64 0.3.0 33.00 NOTE
r-oldrel-windows-ix86+x86_64 0.3.0 20.00 79.00 99.00 OK

Check Details

Version: 0.3.0
Check: data for non-ASCII characters
Result: NOTE
     Note: found 899 marked UTF-8 strings
Flavors: r-devel-linux-x86_64-fedora-clang, r-devel-linux-x86_64-fedora-gcc, r-release-macos-arm64, r-release-macos-x86_64, r-oldrel-macos-arm64, r-oldrel-macos-x86_64