CRAN Package Check Results for Package audio

Last updated on 2019-02-16 07:48:23 CET.

Flavor Version Tinstall Tcheck Ttotal Status Flags
r-devel-linux-x86_64-debian-clang 0.1-5.1 6.00 18.02 24.02 WARN
r-devel-linux-x86_64-debian-gcc 0.1-5.1 3.66 14.61 18.27 WARN
r-devel-linux-x86_64-fedora-clang 0.1-5.1 28.08 NOTE
r-devel-linux-x86_64-fedora-gcc 0.1-5.1 26.22 WARN
r-devel-windows-ix86+x86_64 0.1-5.1 13.00 34.00 47.00 WARN
r-patched-linux-x86_64 0.1-5.1 4.06 16.86 20.92 WARN
r-patched-solaris-x86 0.1-5.1 49.70 OK
r-release-linux-x86_64 0.1-5.1 4.10 16.84 20.94 WARN
r-release-windows-ix86+x86_64 0.1-5.1 29.00 44.00 73.00 WARN
r-release-osx-x86_64 0.1-5.1 WARN
r-oldrel-windows-ix86+x86_64 0.1-5.1 25.00 38.00 63.00 WARN
r-oldrel-osx-x86_64 0.1-5.1 OK

Additional issues

rchk valgrind

Check Details

Version: 0.1-5.1
Check: whether package can be installed
Result: WARN
    Found the following significant warnings:
     pa.c:247:2: warning: incompatible pointer types initializing 'struct audio_instance *(*)(SEXP, float, int)' (aka 'struct audio_instance *(*)(struct SEXPREC *, float, int)') with an expression of type 'void *(SEXP, float, int)' (aka 'void *(struct SEXPREC *, float, int)') [-Wincompatible-pointer-types]
Flavor: r-devel-linux-x86_64-debian-clang

Version: 0.1-5.1
Check: compiled code
Result: NOTE
    File ‘audio/libs/audio.so’:
     Found non-API call to R: ‘R_checkActivity’
    
    Compiled code should not call non-API entry points in R.
    
    See ‘Writing portable packages’ in the ‘Writing R Extensions’ manual.
Flavors: r-devel-linux-x86_64-debian-clang, r-devel-linux-x86_64-debian-gcc, r-patched-linux-x86_64, r-release-linux-x86_64

Version: 0.1-5.1
Check: whether package can be installed
Result: WARN
    Found the following significant warnings:
     driver.c:381:26: warning: cast from pointer to integer of different size [-Wpointer-to-int-cast]
     pa.c:247:2: warning: initialization of ‘struct audio_instance * (*)(struct SEXPREC *, float, int)’ from incompatible pointer type ‘void * (*)(struct SEXPREC *, float, int)’ [-Wincompatible-pointer-types]
Flavors: r-devel-linux-x86_64-debian-gcc, r-patched-linux-x86_64, r-release-linux-x86_64

Version: 0.1-5.1
Check: compiled code
Result: NOTE
    File ‘audio/libs/audio.so’:
     Found no calls to: ‘R_registerRoutines’, ‘R_useDynamicSymbols’
    
    It is good practice to register native routines and to disable symbol
    search.
    
    See ‘Writing portable packages’ in the ‘Writing R Extensions’ manual.
Flavors: r-devel-linux-x86_64-fedora-clang, r-devel-linux-x86_64-fedora-gcc

Version: 0.1-5.1
Check: whether package can be installed
Result: WARN
    Found the following significant warnings:
     driver.c:381:26: warning: cast from pointer to integer of different size [-Wpointer-to-int-cast]
Flavors: r-devel-linux-x86_64-fedora-gcc, r-devel-windows-ix86+x86_64, r-release-windows-ix86+x86_64, r-oldrel-windows-ix86+x86_64

Version: 0.1-5.1
Check: whether package can be installed
Result: WARN
    Found the following significant warnings:
     au.c:375:2: warning: incompatible pointer types initializing 'struct audio_instance *(*)(SEXP, float, int)' (aka 'struct audio_instance *(*)(struct SEXPREC *, float, int)') with an expression of type 'au_instance_t *(SEXP, float, int)' (aka 'struct au_instance *(struct SEXPREC *, float, int)') [-Wincompatible-pointer-types]
     au.c:376:2: warning: incompatible pointer types initializing 'struct audio_instance *(*)(SEXP, float, int, int)' (aka 'struct audio_instance *(*)(struct SEXPREC *, float, int, int)') with an expression of type 'au_instance_t *(SEXP, float, int, int)' (aka 'struct au_instance *(struct SEXPREC *, float, int, int)') [-Wincompatible-pointer-types]
Flavor: r-release-osx-x86_64