CRAN Package Check Results for Package attenuation

Last updated on 2023-10-02 05:57:51 CEST.

Flavor Version Tinstall Tcheck Ttotal Status Flags
r-devel-linux-x86_64-debian-clang 1.0.0 2.13 39.74 41.87 NOTE
r-devel-linux-x86_64-debian-gcc 1.0.0 2.18 28.13 30.31 NOTE
r-devel-linux-x86_64-fedora-clang 1.0.0 51.49 NOTE
r-devel-linux-x86_64-fedora-gcc 1.0.0 51.28 NOTE
r-devel-windows-x86_64 1.0.0 3.00 49.00 52.00 NOTE
r-patched-linux-x86_64 1.0.0 3.10 37.96 41.06 NOTE
r-release-linux-x86_64 1.0.0 2.33 37.98 40.31 NOTE
r-release-macos-arm64 1.0.0 20.00 NOTE
r-release-macos-x86_64 1.0.0 26.00 NOTE
r-release-windows-x86_64 1.0.0 5.00 49.00 54.00 NOTE
r-oldrel-macos-arm64 1.0.0 20.00 NOTE
r-oldrel-macos-x86_64 1.0.0 25.00 NOTE
r-oldrel-windows-x86_64 1.0.0 4.00 48.00 52.00 NOTE

Check Details

Version: 1.0.0
Check: LazyData
Result: NOTE
     'LazyData' is specified without a 'data' directory
Flavors: r-devel-linux-x86_64-debian-clang, r-devel-linux-x86_64-debian-gcc, r-devel-linux-x86_64-fedora-clang, r-devel-linux-x86_64-fedora-gcc, r-devel-windows-x86_64, r-patched-linux-x86_64, r-release-linux-x86_64, r-release-macos-arm64, r-release-macos-x86_64, r-release-windows-x86_64, r-oldrel-macos-arm64, r-oldrel-macos-x86_64, r-oldrel-windows-x86_64