CRAN Package Check Results for Package asus

Last updated on 2019-08-19 20:46:09 CEST.

Flavor Version Tinstall Tcheck Ttotal Status Flags
r-devel-linux-x86_64-debian-clang 1.0.0 2.37 26.42 28.79 OK
r-devel-linux-x86_64-debian-gcc 1.0.0 1.96 21.28 23.24 OK
r-devel-linux-x86_64-fedora-clang 1.0.0 37.11 OK
r-devel-linux-x86_64-fedora-gcc 1.0.0 34.54 OK
r-devel-windows-ix86+x86_64 1.0.0 8.00 61.00 69.00 OK
r-patched-linux-x86_64 1.0.0 1.91 26.10 28.01 NOTE
r-patched-solaris-x86 1.0.0 53.20 OK
r-release-linux-x86_64 1.0.0 2.28 25.80 28.08 NOTE
r-release-windows-ix86+x86_64 1.0.0 5.00 43.00 48.00 OK
r-release-osx-x86_64 1.0.0 OK
r-oldrel-windows-ix86+x86_64 1.0.0 5.00 55.00 60.00 OK
r-oldrel-osx-x86_64 1.0.0 OK

Check Details

Version: 1.0.0
Check: DESCRIPTION meta-information
Result: NOTE
    Dependence on R version ‘3.4.2’ not with patchlevel 0
Flavors: r-patched-linux-x86_64, r-release-linux-x86_64