CRAN Package Check Results for Package asus

Last updated on 2019-02-24 03:52:35 CET.

Flavor Version Tinstall Tcheck Ttotal Status Flags
r-devel-linux-x86_64-debian-clang 1.0.0 1.90 26.22 28.12 NOTE
r-devel-linux-x86_64-debian-gcc 1.0.0 1.35 21.01 22.36 NOTE
r-devel-linux-x86_64-fedora-clang 1.0.0 35.68 NOTE
r-devel-linux-x86_64-fedora-gcc 1.0.0 33.06 NOTE
r-devel-windows-ix86+x86_64 1.0.0 5.00 46.00 51.00 OK
r-patched-linux-x86_64 1.0.0 1.30 24.34 25.64 NOTE
r-patched-solaris-x86 1.0.0 46.10 OK
r-release-linux-x86_64 1.0.0 1.30 24.50 25.80 NOTE
r-release-windows-ix86+x86_64 1.0.0 5.00 68.00 73.00 OK
r-release-osx-x86_64 1.0.0 OK
r-oldrel-windows-ix86+x86_64 1.0.0 3.00 42.00 45.00 OK
r-oldrel-osx-x86_64 1.0.0 OK

Check Details

Version: 1.0.0
Check: DESCRIPTION meta-information
Result: NOTE
    Dependence on R version ‘3.4.2’ not with patchlevel 0
Flavors: r-devel-linux-x86_64-debian-clang, r-devel-linux-x86_64-debian-gcc, r-devel-linux-x86_64-fedora-clang, r-devel-linux-x86_64-fedora-gcc, r-patched-linux-x86_64, r-release-linux-x86_64