CRAN Package Check Results for Package astroFns

Last updated on 2019-08-19 20:46:09 CEST.

Flavor Version Tinstall Tcheck Ttotal Status Flags
r-devel-linux-x86_64-debian-clang 4.1-0 2.32 19.36 21.68 NOTE
r-devel-linux-x86_64-debian-gcc 4.1-0 1.99 15.63 17.62 NOTE
r-devel-linux-x86_64-fedora-clang 4.1-0 27.84 NOTE
r-devel-linux-x86_64-fedora-gcc 4.1-0 26.00 NOTE
r-devel-windows-ix86+x86_64 4.1-0 7.00 46.00 53.00 NOTE
r-patched-linux-x86_64 4.1-0 1.99 19.01 21.00 NOTE
r-patched-solaris-x86 4.1-0 39.90 NOTE
r-release-linux-x86_64 4.1-0 2.17 19.27 21.44 NOTE
r-release-windows-ix86+x86_64 4.1-0 5.00 42.00 47.00 NOTE
r-release-osx-x86_64 4.1-0 NOTE
r-oldrel-windows-ix86+x86_64 4.1-0 3.00 30.00 33.00 NOTE
r-oldrel-osx-x86_64 4.1-0 NOTE

Check Details

Version: 4.1-0
Check: R code for possible problems
Result: NOTE
    beamDiskOverlap: no visible global function definition for 'integrate'
    Undefined global functions or variables:
     integrate
    Consider adding
     importFrom("stats", "integrate")
    to your NAMESPACE file.
Flavors: r-devel-linux-x86_64-debian-clang, r-devel-linux-x86_64-debian-gcc, r-devel-linux-x86_64-fedora-clang, r-devel-linux-x86_64-fedora-gcc, r-devel-windows-ix86+x86_64, r-patched-linux-x86_64, r-patched-solaris-x86, r-release-linux-x86_64, r-release-windows-ix86+x86_64, r-release-osx-x86_64, r-oldrel-windows-ix86+x86_64, r-oldrel-osx-x86_64