CRAN Package Check Results for Package astroFns

Last updated on 2019-04-19 16:51:18 CEST.

Flavor Version Tinstall Tcheck Ttotal Status Flags
r-devel-linux-x86_64-debian-clang 4.1-0 1.93 19.44 21.37 NOTE
r-devel-linux-x86_64-debian-gcc 4.1-0 1.79 15.54 17.33 NOTE
r-devel-linux-x86_64-fedora-clang 4.1-0 26.17 NOTE
r-devel-linux-x86_64-fedora-gcc 4.1-0 25.00 NOTE
r-devel-windows-ix86+x86_64 4.1-0 5.00 29.00 34.00 NOTE
r-patched-linux-x86_64 4.1-0 2.17 19.37 21.54 NOTE
r-patched-solaris-x86 4.1-0 38.60 NOTE
r-release-linux-x86_64 4.1-0 1.10 18.20 19.30 NOTE
r-release-windows-ix86+x86_64 4.1-0 3.00 30.00 33.00 NOTE
r-release-osx-x86_64 4.1-0 NOTE
r-oldrel-windows-ix86+x86_64 4.1-0 3.00 31.00 34.00 NOTE
r-oldrel-osx-x86_64 4.1-0 NOTE

Check Details

Version: 4.1-0
Check: R code for possible problems
Result: NOTE
    beamDiskOverlap: no visible global function definition for 'integrate'
    Undefined global functions or variables:
     integrate
    Consider adding
     importFrom("stats", "integrate")
    to your NAMESPACE file.
Flavors: r-devel-linux-x86_64-debian-clang, r-devel-linux-x86_64-debian-gcc, r-devel-linux-x86_64-fedora-clang, r-devel-linux-x86_64-fedora-gcc, r-devel-windows-ix86+x86_64, r-patched-linux-x86_64, r-patched-solaris-x86, r-release-linux-x86_64, r-release-windows-ix86+x86_64, r-release-osx-x86_64, r-oldrel-windows-ix86+x86_64, r-oldrel-osx-x86_64