CRAN Package Check Results for Package assertive.reflection

Last updated on 2021-06-23 01:49:24 CEST.

Flavor Version Tinstall Tcheck Ttotal Status Flags
r-devel-linux-x86_64-debian-clang 0.0-5 2.56 29.59 32.15 NOTE
r-devel-linux-x86_64-debian-gcc 0.0-5 2.48 23.15 25.63 NOTE
r-devel-linux-x86_64-fedora-clang 0.0-5 51.84 NOTE
r-devel-linux-x86_64-fedora-gcc 0.0-5 39.04 NOTE
r-devel-windows-x86_64 0.0-5 5.00 45.00 50.00 NOTE
r-devel-windows-x86_64-gcc10-UCRT 0.0-5 NOTE
r-patched-linux-x86_64 0.0-5 3.28 28.80 32.08 NOTE
r-patched-solaris-x86 0.0-5 63.50 NOTE
r-release-linux-x86_64 0.0-5 2.58 28.49 31.07 NOTE
r-release-macos-arm64 0.0-5 NOTE
r-release-macos-x86_64 0.0-5 NOTE
r-release-windows-ix86+x86_64 0.0-5 6.00 36.00 42.00 NOTE
r-oldrel-macos-x86_64 0.0-5 OK

Check Details

Version: 0.0-5
Check: LazyData
Result: NOTE
     'LazyData' is specified without a 'data' directory
Flavors: r-devel-linux-x86_64-debian-clang, r-devel-linux-x86_64-debian-gcc, r-devel-linux-x86_64-fedora-clang, r-devel-linux-x86_64-fedora-gcc, r-devel-windows-x86_64, r-devel-windows-x86_64-gcc10-UCRT, r-patched-linux-x86_64, r-patched-solaris-x86, r-release-linux-x86_64, r-release-macos-arm64, r-release-macos-x86_64, r-release-windows-ix86+x86_64

Version: 0.0-5
Check: Rd cross-references
Result: NOTE
    Undeclared package ‘rstudioapi’ in Rd xrefs
Flavor: r-devel-linux-x86_64-fedora-clang