CRAN Package Check Results for Package assertive.models

Last updated on 2021-06-23 02:50:43 CEST.

Flavor Version Tinstall Tcheck Ttotal Status Flags
r-devel-linux-x86_64-debian-clang 0.0-2 1.72 24.83 26.55 NOTE
r-devel-linux-x86_64-debian-gcc 0.0-2 1.57 19.45 21.02 NOTE
r-devel-linux-x86_64-fedora-clang 0.0-2 43.74 NOTE
r-devel-linux-x86_64-fedora-gcc 0.0-2 31.05 NOTE
r-devel-windows-x86_64 0.0-2 3.00 40.00 43.00 NOTE
r-devel-windows-x86_64-gcc10-UCRT 0.0-2 NOTE
r-patched-linux-x86_64 0.0-2 1.67 24.01 25.68 NOTE
r-patched-solaris-x86 0.0-2 52.70 NOTE
r-release-linux-x86_64 0.0-2 1.71 23.84 25.55 NOTE
r-release-macos-arm64 0.0-2 NOTE
r-release-macos-x86_64 0.0-2 NOTE
r-release-windows-ix86+x86_64 0.0-2 4.00 29.00 33.00 NOTE
r-oldrel-macos-x86_64 0.0-2 OK

Check Details

Version: 0.0-2
Check: LazyData
Result: NOTE
     'LazyData' is specified without a 'data' directory
Flavors: r-devel-linux-x86_64-debian-clang, r-devel-linux-x86_64-debian-gcc, r-devel-linux-x86_64-fedora-clang, r-devel-linux-x86_64-fedora-gcc, r-devel-windows-x86_64, r-devel-windows-x86_64-gcc10-UCRT, r-patched-linux-x86_64, r-patched-solaris-x86, r-release-linux-x86_64, r-release-macos-arm64, r-release-macos-x86_64, r-release-windows-ix86+x86_64