CRAN Package Check Results for Package assertive.files

Last updated on 2021-06-25 00:49:31 CEST.

Flavor Version Tinstall Tcheck Ttotal Status Flags
r-devel-linux-x86_64-debian-clang 0.0-2 2.76 27.74 30.50 NOTE
r-devel-linux-x86_64-debian-gcc 0.0-2 1.92 21.58 23.50 NOTE
r-devel-linux-x86_64-fedora-clang 0.0-2 49.03 NOTE
r-devel-linux-x86_64-fedora-gcc 0.0-2 35.86 NOTE
r-devel-windows-x86_64 0.0-2 4.00 34.00 38.00 NOTE
r-devel-windows-x86_64-gcc10-UCRT 0.0-2 NOTE
r-patched-linux-x86_64 0.0-2 2.72 27.23 29.95 NOTE
r-patched-solaris-x86 0.0-2 56.70 NOTE
r-release-linux-x86_64 0.0-2 2.26 26.73 28.99 NOTE
r-release-macos-arm64 0.0-2 NOTE
r-release-macos-x86_64 0.0-2 NOTE
r-release-windows-ix86+x86_64 0.0-2 5.00 32.00 37.00 NOTE
r-oldrel-macos-x86_64 0.0-2 OK
r-oldrel-windows-ix86+x86_64 0.0-2 5.00 43.00 48.00 OK

Check Details

Version: 0.0-2
Check: LazyData
Result: NOTE
     'LazyData' is specified without a 'data' directory
Flavors: r-devel-linux-x86_64-debian-clang, r-devel-linux-x86_64-debian-gcc, r-devel-linux-x86_64-fedora-clang, r-devel-linux-x86_64-fedora-gcc, r-devel-windows-x86_64, r-devel-windows-x86_64-gcc10-UCRT, r-patched-linux-x86_64, r-patched-solaris-x86, r-release-linux-x86_64, r-release-macos-arm64, r-release-macos-x86_64, r-release-windows-ix86+x86_64