CRAN Package Check Results for Package ashr

Last updated on 2019-03-20 14:48:08 CET.

Flavor Version Tinstall Tcheck Ttotal Status Flags
r-devel-linux-x86_64-debian-clang 2.2-32 24.47 112.19 136.66 OK
r-devel-linux-x86_64-debian-gcc 2.2-32 21.53 125.13 146.66 OK
r-devel-linux-x86_64-fedora-clang 2.2-32 170.89 OK
r-devel-linux-x86_64-fedora-gcc 2.2-32 161.20 OK
r-devel-windows-ix86+x86_64 2.2-32 64.00 213.00 277.00 NOTE
r-patched-linux-x86_64 2.2-32 25.05 132.92 157.97 OK
r-patched-solaris-x86 2.2-32 214.90 NOTE
r-release-linux-x86_64 2.2-32 23.54 133.33 156.87 OK
r-release-windows-ix86+x86_64 2.2-32 54.00 163.00 217.00 NOTE
r-release-osx-x86_64 2.2-32 NOTE
r-oldrel-windows-ix86+x86_64 2.2-32 43.00 238.00 281.00 NOTE
r-oldrel-osx-x86_64 2.2-32 NOTE

Check Details

Version: 2.2-32
Check: package dependencies
Result: NOTE
    Package suggested but not available for checking: 'REBayes'
Flavors: r-devel-windows-ix86+x86_64, r-patched-solaris-x86, r-release-windows-ix86+x86_64, r-release-osx-x86_64, r-oldrel-windows-ix86+x86_64, r-oldrel-osx-x86_64