CRAN Package Check Results for Package ashr

Last updated on 2018-07-23 08:48:25 CEST.

Flavor Version Tinstall Tcheck Ttotal Status Flags
r-devel-linux-x86_64-debian-clang 2.2-7 21.32 141.70 163.02 NOTE
r-devel-linux-x86_64-debian-gcc 2.2-7 20.11 107.88 127.99 NOTE
r-devel-linux-x86_64-fedora-clang 2.2-7 213.70 NOTE
r-devel-linux-x86_64-fedora-gcc 2.2-7 212.99 NOTE
r-devel-windows-ix86+x86_64 2.2-7 58.00 275.00 333.00 NOTE
r-patched-linux-x86_64 2.2-7 NOTE
r-patched-solaris-x86 2.2-7 258.50 NOTE
r-release-linux-x86_64 2.2-7 23.72 141.01 164.73 NOTE
r-release-windows-ix86+x86_64 2.2-7 41.00 250.00 291.00 NOTE
r-release-osx-x86_64 2.2-7 NOTE
r-oldrel-windows-ix86+x86_64 2.2-7 40.00 284.00 324.00 NOTE
r-oldrel-osx-x86_64 2.2-7 NOTE

Check Details

Version: 2.2-7
Check: package dependencies
Result: NOTE
    Packages suggested but not available for checking: ‘REBayes’ ‘Rmosek’
Flavors: r-devel-linux-x86_64-debian-clang, r-devel-linux-x86_64-debian-gcc, r-devel-linux-x86_64-fedora-clang, r-devel-linux-x86_64-fedora-gcc, r-devel-windows-ix86+x86_64, r-patched-linux-x86_64, r-patched-solaris-x86, r-release-linux-x86_64, r-release-windows-ix86+x86_64, r-release-osx-x86_64, r-oldrel-windows-ix86+x86_64, r-oldrel-osx-x86_64