CRAN Package Check Results for Package ashr

Last updated on 2018-12-13 12:50:23 CET.

Flavor Version Tinstall Tcheck Ttotal Status Flags
r-devel-linux-x86_64-debian-clang 2.2-7 26.94 148.47 175.41 NOTE
r-devel-linux-x86_64-debian-gcc 2.2-7 19.81 102.06 121.87 NOTE
r-devel-linux-x86_64-fedora-clang 2.2-7 211.96 NOTE
r-devel-linux-x86_64-fedora-gcc 2.2-7 196.81 NOTE
r-devel-windows-ix86+x86_64 2.2-7 53.00 294.00 347.00 NOTE
r-patched-linux-x86_64 2.2-7 22.19 140.07 162.26 NOTE
r-patched-solaris-x86 2.2-7 264.80 NOTE
r-release-linux-x86_64 2.2-7 25.11 140.24 165.35 NOTE
r-release-windows-ix86+x86_64 2.2-7 53.00 288.00 341.00 NOTE
r-release-osx-x86_64 2.2-7 NOTE
r-oldrel-windows-ix86+x86_64 2.2-7 38.00 244.00 282.00 NOTE
r-oldrel-osx-x86_64 2.2-7 NOTE

Check Details

Version: 2.2-7
Check: package dependencies
Result: NOTE
    Packages suggested but not available for checking: 'REBayes', 'Rmosek'
Flavors: r-devel-linux-x86_64-debian-clang, r-devel-linux-x86_64-debian-gcc, r-devel-linux-x86_64-fedora-clang, r-devel-linux-x86_64-fedora-gcc, r-devel-windows-ix86+x86_64

Version: 2.2-7
Check: package dependencies
Result: NOTE
    Packages suggested but not available for checking: ‘REBayes’ ‘Rmosek’
Flavors: r-patched-linux-x86_64, r-patched-solaris-x86, r-release-linux-x86_64, r-release-windows-ix86+x86_64, r-release-osx-x86_64, r-oldrel-windows-ix86+x86_64, r-oldrel-osx-x86_64