CRAN Package Check Results for Package ashr

Last updated on 2018-09-25 05:48:17 CEST.

Flavor Version Tinstall Tcheck Ttotal Status Flags
r-devel-linux-x86_64-debian-clang 2.2-7 23.61 153.64 177.25 NOTE
r-devel-linux-x86_64-debian-gcc 2.2-7 21.40 109.06 130.46 NOTE
r-devel-linux-x86_64-fedora-clang 2.2-7 220.50 NOTE
r-devel-linux-x86_64-fedora-gcc 2.2-7 213.87 NOTE
r-devel-windows-ix86+x86_64 2.2-7 61.00 337.00 398.00 NOTE
r-patched-linux-x86_64 2.2-7 25.39 117.23 142.62 NOTE
r-patched-solaris-x86 2.2-7 257.90 NOTE
r-release-linux-x86_64 2.2-7 26.38 137.73 164.11 NOTE
r-release-windows-ix86+x86_64 2.2-7 46.00 306.00 352.00 NOTE
r-release-osx-x86_64 2.2-7 NOTE
r-oldrel-windows-ix86+x86_64 2.2-7 41.00 336.00 377.00 NOTE
r-oldrel-osx-x86_64 2.2-7 NOTE

Check Details

Version: 2.2-7
Check: package dependencies
Result: NOTE
    Packages suggested but not available for checking: ‘REBayes’ ‘Rmosek’
Flavors: r-devel-linux-x86_64-debian-clang, r-devel-linux-x86_64-debian-gcc, r-devel-linux-x86_64-fedora-clang, r-devel-linux-x86_64-fedora-gcc, r-devel-windows-ix86+x86_64, r-patched-linux-x86_64, r-patched-solaris-x86, r-release-linux-x86_64, r-release-windows-ix86+x86_64, r-release-osx-x86_64, r-oldrel-windows-ix86+x86_64, r-oldrel-osx-x86_64